{"id":5574,"date":"2023-09-02T00:58:00","date_gmt":"2023-09-02T00:58:00","guid":{"rendered":"https:\/\/www.basqueeducational.org\/?page_id=5574"},"modified":"2023-10-21T12:46:29","modified_gmt":"2023-10-21T12:46:29","slug":"bcd2023","status":"publish","type":"page","link":"https:\/\/www.basqueeducational.org\/es\/bcd2023\/","title":{"rendered":"D\u00cdA CULTURAL VASCO 2023 (BCD2023)"},"content":{"rendered":"<div class=\"wp-block-media-text is-stacked-on-mobile\"><figure class=\"wp-block-media-text__media\"><img fetchpriority=\"high\" decoding=\"async\" width=\"1024\" height=\"856\" src=\"https:\/\/www.basqueeducational.org\/wp-content\/uploads\/2023\/09\/BCD2023-Digital-Ad-website-popup-2-1024x856.png\" alt=\"\" class=\"wp-image-5576 size-full\" srcset=\"https:\/\/www.basqueeducational.org\/wp-content\/uploads\/2023\/09\/BCD2023-Digital-Ad-website-popup-2-1024x856.png 1024w, https:\/\/www.basqueeducational.org\/wp-content\/uploads\/2023\/09\/BCD2023-Digital-Ad-website-popup-2-300x251.png 300w, https:\/\/www.basqueeducational.org\/wp-content\/uploads\/2023\/09\/BCD2023-Digital-Ad-website-popup-2-768x642.png 768w, https:\/\/www.basqueeducational.org\/wp-content\/uploads\/2023\/09\/BCD2023-Digital-Ad-website-popup-2-700x585.png 700w, https:\/\/www.basqueeducational.org\/wp-content\/uploads\/2023\/09\/BCD2023-Digital-Ad-website-popup-2-348x291.png 348w, https:\/\/www.basqueeducational.org\/wp-content\/uploads\/2023\/09\/BCD2023-Digital-Ad-website-popup-2-354x296.png 354w, https:\/\/www.basqueeducational.org\/wp-content\/uploads\/2023\/09\/BCD2023-Digital-Ad-website-popup-2.png 1478w\" sizes=\"(max-width: 1024px) 100vw, 1024px\" \/><\/figure><div class=\"wp-block-media-text__content\">\n<h1 class=\"wp-block-heading has-text-color\" style=\"color:#595959\">EUSKAL ANDREEN EGINTZA AMERIKAN<\/h1>\n\n\n\n<p class=\"has-text-color\" style=\"color:#595959\"><em>The Impact of Basque Women in America<\/em><\/p>\n<\/div><\/div>\n\n\n\n<p>BCD has been a BEO tradition for a long time. This year it will be held at the San Francisco Basque Cultural Center on <strong>Saturday, October 21, 2023<\/strong>.&nbsp;<\/p>\n\n\n\n<hr class=\"wp-block-separator has-alpha-channel-opacity\"\/>\n\n\n\n<div class=\"wp-block-buttons is-layout-flex wp-block-buttons-is-layout-flex\">\n<div class=\"wp-block-button has-custom-width wp-block-button__width-100 is-style-outline is-style-outline--1\" style=\"font-style:normal;font-weight:700;text-transform:uppercase\"><a class=\"wp-block-button__link has-white-background-color has-text-color has-background wp-element-button\" href=\"https:\/\/www.basqueeducational.org\/a-thousand-thanks\/\" style=\"border-radius:87px;color:#6986af;padding-top:var(--wp--preset--spacing--20);padding-bottom:var(--wp--preset--spacing--20)\" target=\"_blank\" rel=\"noreferrer noopener\">MEET OUR SPONSORS<\/a><\/div>\n<\/div>\n\n\n\n<hr class=\"wp-block-separator has-alpha-channel-opacity\"\/>\n\n\n\n<p>Si nunca ha asistido a uno de nuestros BCD, se trata normalmente de una tarde con una serie de presentaciones sobre un tema selecto decidido por el BEO. La jornada comienza a las 13.00 horas, concluye hacia las 17.00 horas, luego hay una hora de aperitivo y, por \u00faltimo, la cena. Hace dos a\u00f1os, organizamos este evento completamente en l\u00ednea (puede&nbsp;<a href=\"https:\/\/www.basqueeducational.org\/bcd-2021\/\">learn more here<\/a>), so you can imagine our excitement about meeting in person again. I\u2019m happy to report that there\u2019s already a buzz from those who will be attending who live outside of the Bay Area.<\/p>\n\n\n\n<p>El tema de este a\u00f1o es <strong>Euskal Andreen Egintza Amerikan<\/strong>,&nbsp;<em>El impacto de las mujeres vascas en Am\u00e9rica. <\/em>The structure of the conversation will begin with conversations about the past, move on to the past and present, and conclude with the present and future.<\/p>\n\n\n\n<p>The responsibility the BEO has for this topic is not lost on us. This is an important conversation and a timely topic worldwide, particularly with and for Basque women. And while we are hosting a one-day event, we don\u2019t want the conversation to stop there. We are working on ideas on how we can keep this discussion alive.<\/p>\n\n\n\n<p class=\"has-strong-red-color has-text-color\"><strong>Session 1: <strong>Women, the Backbone of the Boardinghouse<\/strong><\/strong><br>1:00 p.m. \u2013 2:00 p.m.<\/p>\n\n\n\n<p>Boardinghouses are integral to our Basque community\u2019s history, and women\u2019s roles within these establishments were huge. We want to shine a light on those women, their strength, endurance, and characters that ultimately became the bedrock for the communities as we know them today. This will be a live conversation between a moderator and five women, each of whom has been touched by the boardinghouse experience on some level. Southern, Central, and Northern California and Nevada will be represented in this panel.<\/p>\n\n\n\n<p><strong><em>A panel discussion with<\/em><\/strong><\/p>\n\n\n\n<ul class=\"wp-block-list\">\n<li>Anna Iriartborde |\u00a0Des Alpes, San Francisco, CA<\/li>\n\n\n\n<li>Bernadette Berterretche Helton |\u00a0Centro Basco,\u00a0Chino, CA<\/li>\n\n\n\n<li>Jenny Maitia Poncetta\u00a0|\u00a0Woolgrowers Restaurant &amp; Cocktail Lounge, Bakersfield, CA<\/li>\n\n\n\n<li>Marie Louise Lekumberry |\u00a0J.T. Basque Bar &amp; Dining Room, Gardnerville, NV<\/li>\n\n\n\n<li>Meggan Laxalt Mackey |\u00a0Th\u00e9r\u00e8se Alpetche Laxalt\u00a0French Hotel, Carson City, NV<\/li>\n<\/ul>\n\n\n\n<p><strong><em>Moderated by<\/em><\/strong><br>Jeronima \u201cJeri\u201d Echeverria, Ph.D.<br>Author of several acclaimed histories on immigration to the Western United States, including the\u00a0history of Basque boardinghouses in the American West,&nbsp;<em>Home Away from Home<\/em>, and a collection of articles on the role of Basque women in the American West,&nbsp;<em>Portraits of Basques in the New World.<\/em><\/p>\n\n\n\n<p class=\"has-strong-red-color has-text-color\"><strong>Session 2: <strong>Inner Strength: Portraits of Basque Women<\/strong><\/strong><br>2:15ish \u2013 3:15ish<\/p>\n\n\n\n<p>This is an existing exhibit that is housed at the Basque Museum in Boise. While we will have a portion of this exhibit at BCD, Patter Miller will present this work and discuss the inner strength the highlighted women in this project had and continue to demonstrate.<\/p>\n\n\n\n<p><strong><em>A presentation by<\/em><\/strong><br>Patty Miller<br>Founding board member and former Executive Director of the\u00a0Basque Museum &amp; Cultural Center<\/p>\n\n\n\n<p>*<em>A portion of this exhibit will be on-site.<\/em><\/p>\n\n\n\n<p class=\"has-strong-red-color has-text-color\"><strong>Session 3: Today\u2019s Basque Women Leaders and Their Impact on Basque Communities<\/strong><br>3:30ish \u2013 4:30ish<\/p>\n\n\n\n<p>Women\u2019s roles have evolved within Basque communities since the early days of boardinghouses; this evolution is the sum of a few things, including societal shifts, education, and upbringing, all sprinkled with a whole lot of \u201cindarra\u201d left over from our culture. As such, women are incorporating this and bringing it back to their respective Basque communities. This session will be a second live conversation with five women and a moderator. Here, Boise, Nevada, California, and Washington represent this panel.<\/p>\n\n\n\n<p><strong><em>A panel discussion with<\/em><\/strong><\/p>\n\n\n\n<ul class=\"wp-block-list\">\n<li>Argia Beristain |\u00a0VP for Development, Boise State University, Boise, ID<\/li>\n\n\n\n<li>Esther Ciganda\u00a0 |\u00a0Athlete\/Educator\/Entrepreneur, Moses Lake, WA<\/li>\n\n\n\n<li>Madalen Bieter |\u00a0Radio Show Founder\/Physical Therapist, Boise, ID<\/li>\n\n\n\n<li>Nerea Lete |\u00a0Educator,\u00a0Boise, ID<\/li>\n\n\n\n<li>Zoe Bray |\u00a0Artist, Reno, NV<\/li>\n<\/ul>\n\n\n\n<p><strong><em>Moderated by<\/em><\/strong><br>Marie Laxague Rosecrans<br>SVP, Impact Industries Marketing at Salesforce<br>Assistant Secretary and Director of the San Francisco Basque Cultural Center Board of Directors and Co-Chair of its Digital Committee. She also leads the\u00a0Mendigoizaleak hiking group for its members and friends.<\/p>\n\n\n\n<p>*Boarder\u2019s Dinner to follow\u2026<\/p>\n\n\n\n<hr class=\"wp-block-separator has-alpha-channel-opacity\"\/>\n\n\n\n<div class=\"wp-block-buttons is-layout-flex wp-block-buttons-is-layout-flex\">\n<div class=\"wp-block-button has-custom-width wp-block-button__width-100 is-style-outline is-style-outline--2\" style=\"font-style:normal;font-weight:700;text-transform:uppercase\"><a class=\"wp-block-button__link has-white-background-color has-text-color has-background wp-element-button\" href=\"https:\/\/www.basqueeducational.org\/a-thousand-thanks\/\" style=\"border-radius:87px;color:#6986af;padding-top:var(--wp--preset--spacing--30);padding-bottom:var(--wp--preset--spacing--30)\" target=\"_blank\" rel=\"noreferrer noopener\">MEET OUR SPONSORS<\/a><\/div>\n<\/div>\n\n\n\n<hr class=\"wp-block-separator has-alpha-channel-opacity\"\/>","protected":false},"excerpt":{"rendered":"<p>EUSKAL ANDREEN EGINTZA AMERIKAN The Impact of Basque Women in America BCD has been a BEO tradition for a long time. This year it will be held at the San [&hellip;]<\/p>\n","protected":false},"author":1,"featured_media":0,"parent":0,"menu_order":0,"comment_status":"closed","ping_status":"closed","template":"","meta":{"give_campaign_id":0,"_tec_requires_first_save":true,"_exactmetrics_skip_tracking":false,"_exactmetrics_sitenote_active":false,"_exactmetrics_sitenote_note":"","_exactmetrics_sitenote_category":0,"_price":"","_stock":"","_tribe_ticket_header":"","_tribe_default_ticket_provider":"","_tribe_ticket_capacity":"0","_ticket_start_date":"","_ticket_end_date":"","_tribe_ticket_show_description":"","_tribe_ticket_show_not_going":false,"_tribe_ticket_use_global_stock":"","_tribe_ticket_global_stock_level":"","_global_stock_mode":"","_global_stock_cap":"","_tribe_rsvp_for_event":"","_tribe_ticket_going_count":"","_tribe_ticket_not_going_count":"","_tribe_tickets_list":"[]","_tribe_ticket_has_attendee_info_fields":false,"_EventAllDay":false,"_EventTimezone":"","_EventStartDate":"","_EventEndDate":"","_EventStartDateUTC":"","_EventEndDateUTC":"","_EventShowMap":false,"_EventShowMapLink":false,"_EventURL":"","_EventCost":"","_EventCostDescription":"","_EventCurrencySymbol":"","_EventCurrencyCode":"","_EventCurrencyPosition":"","_EventDateTimeSeparator":"","_EventTimeRangeSeparator":"","_EventOrganizerID":[],"_EventVenueID":[],"_OrganizerEmail":"","_OrganizerPhone":"","_OrganizerWebsite":"","_VenueAddress":"","_VenueCity":"","_VenueCountry":"","_VenueProvince":"","_VenueState":"","_VenueZip":"","_VenuePhone":"","_VenueURL":"","_VenueStateProvince":"","_VenueLat":"","_VenueLng":"","_VenueShowMap":false,"_VenueShowMapLink":false,"_tribe_blocks_recurrence_rules":"","_tribe_blocks_recurrence_description":"","_tribe_blocks_recurrence_exclusions":"","jetpack_post_was_ever_published":false,"footnotes":""},"class_list":["post-5574","page","type-page","status-publish","hentry"],"campaignId":"","jetpack_sharing_enabled":true,"jetpack_shortlink":"https:\/\/wp.me\/PaFejT-1rU","_links":{"self":[{"href":"https:\/\/www.basqueeducational.org\/es\/wp-json\/wp\/v2\/pages\/5574","targetHints":{"allow":["GET"]}}],"collection":[{"href":"https:\/\/www.basqueeducational.org\/es\/wp-json\/wp\/v2\/pages"}],"about":[{"href":"https:\/\/www.basqueeducational.org\/es\/wp-json\/wp\/v2\/types\/page"}],"author":[{"embeddable":true,"href":"https:\/\/www.basqueeducational.org\/es\/wp-json\/wp\/v2\/users\/1"}],"replies":[{"embeddable":true,"href":"https:\/\/www.basqueeducational.org\/es\/wp-json\/wp\/v2\/comments?post=5574"}],"version-history":[{"count":5,"href":"https:\/\/www.basqueeducational.org\/es\/wp-json\/wp\/v2\/pages\/5574\/revisions"}],"predecessor-version":[{"id":6048,"href":"https:\/\/www.basqueeducational.org\/es\/wp-json\/wp\/v2\/pages\/5574\/revisions\/6048"}],"wp:attachment":[{"href":"https:\/\/www.basqueeducational.org\/es\/wp-json\/wp\/v2\/media?parent=5574"}],"curies":[{"name":"wp","href":"https:\/\/api.w.org\/{rel}","templated":true}]}}

DÍA CULTURAL VASCO 2023 (BCD2023)

<div class="wp-block-media-text is-stacked-on-mobile"><figure class="wp-block-media-text__media"><img fetchpriority="high" decoding="async" width="1024" height="856" src="https://www.basqueeducational.org/wp-content/uploads/2023/09/BCD2023-Digital-Ad-website-popup-2-1024x856.png" alt="" class="wp-image-5576 size-full" srcset="https://www.basqueeducational.org/wp-content/uploads/2023/09/BCD2023-Digital-Ad-website-popup-2-1024x856.png 1024w, https://www.basqueeducational.org/wp-content/uploads/2023/09/BCD2023-Digital-Ad-website-popup-2-300x251.png 300w, https://www.basqueeducational.org/wp-content/uploads/2023/09/BCD2023-Digital-Ad-website-popup-2-768x642.png 768w, https://www.basqueeducational.org/wp-content/uploads/2023/09/BCD2023-Digital-Ad-website-popup-2-700x585.png 700w, https://www.basqueeducational.org/wp-content/uploads/2023/09/BCD2023-Digital-Ad-website-popup-2-348x291.png 348w, https://www.basqueeducational.org/wp-content/uploads/2023/09/BCD2023-Digital-Ad-website-popup-2-354x296.png 354w, https://www.basqueeducational.org/wp-content/uploads/2023/09/BCD2023-Digital-Ad-website-popup-2.png 1478w" sizes="(max-width: 1024px) 100vw, 1024px" /></figure><div class="wp-block-media-text__content">
<h1 class="wp-block-heading has-text-color" style="color:#595959">EUSKAL ANDREEN EGINTZA AMERIKAN</h1>



<p class="has-text-color" style="color:#595959"><em>The Impact of Basque Women in America</em></p>
</div></div>



<p>BCD has been a BEO tradition for a long time. This year it will be held at the San Francisco Basque Cultural Center on <strong>Saturday, October 21, 2023</strong>.&nbsp;</p>



<hr class="wp-block-separator has-alpha-channel-opacity"/>



<div class="wp-block-buttons is-layout-flex wp-block-buttons-is-layout-flex">
<div class="wp-block-button has-custom-width wp-block-button__width-100 is-style-outline is-style-outline--1" style="font-style:normal;font-weight:700;text-transform:uppercase"><a class="wp-block-button__link has-white-background-color has-text-color has-background wp-element-button" href="https://www.basqueeducational.org/a-thousand-thanks/" style="border-radius:87px;color:#6986af;padding-top:var(--wp--preset--spacing--20);padding-bottom:var(--wp--preset--spacing--20)" target="_blank" rel="noreferrer noopener">MEET OUR SPONSORS</a></div>
</div>



<hr class="wp-block-separator has-alpha-channel-opacity"/>



<p>Si nunca ha asistido a uno de nuestros BCD, se trata normalmente de una tarde con una serie de presentaciones sobre un tema selecto decidido por el BEO. La jornada comienza a las 13.00 horas, concluye hacia las 17.00 horas, luego hay una hora de aperitivo y, por último, la cena. Hace dos años, organizamos este evento completamente en línea (puede&nbsp;<a href="https://www.basqueeducational.org/bcd-2021/">learn more here</a>), so you can imagine our excitement about meeting in person again. I’m happy to report that there’s already a buzz from those who will be attending who live outside of the Bay Area.</p>



<p>El tema de este año es <strong>Euskal Andreen Egintza Amerikan</strong>,&nbsp;<em>El impacto de las mujeres vascas en América. </em>The structure of the conversation will begin with conversations about the past, move on to the past and present, and conclude with the present and future.</p>



<p>The responsibility the BEO has for this topic is not lost on us. This is an important conversation and a timely topic worldwide, particularly with and for Basque women. And while we are hosting a one-day event, we don’t want the conversation to stop there. We are working on ideas on how we can keep this discussion alive.</p>



<p class="has-strong-red-color has-text-color"><strong>Session 1: <strong>Women, the Backbone of the Boardinghouse</strong></strong><br>1:00 p.m. – 2:00 p.m.</p>



<p>Boardinghouses are integral to our Basque community’s history, and women’s roles within these establishments were huge. We want to shine a light on those women, their strength, endurance, and characters that ultimately became the bedrock for the communities as we know them today. This will be a live conversation between a moderator and five women, each of whom has been touched by the boardinghouse experience on some level. Southern, Central, and Northern California and Nevada will be represented in this panel.</p>



<p><strong><em>A panel discussion with</em></strong></p>



<ul class="wp-block-list">
<li>Anna Iriartborde | Des Alpes, San Francisco, CA</li>



<li>Bernadette Berterretche Helton | Centro Basco, Chino, CA</li>



<li>Jenny Maitia Poncetta | Woolgrowers Restaurant &amp; Cocktail Lounge, Bakersfield, CA</li>



<li>Marie Louise Lekumberry | J.T. Basque Bar &amp; Dining Room, Gardnerville, NV</li>



<li>Meggan Laxalt Mackey | Thérèse Alpetche Laxalt French Hotel, Carson City, NV</li>
</ul>



<p><strong><em>Moderated by</em></strong><br>Jeronima “Jeri” Echeverria, Ph.D.<br>Author of several acclaimed histories on immigration to the Western United States, including the history of Basque boardinghouses in the American West,&nbsp;<em>Home Away from Home</em>, and a collection of articles on the role of Basque women in the American West,&nbsp;<em>Portraits of Basques in the New World.</em></p>



<p class="has-strong-red-color has-text-color"><strong>Session 2: <strong>Inner Strength: Portraits of Basque Women</strong></strong><br>2:15ish – 3:15ish</p>



<p>This is an existing exhibit that is housed at the Basque Museum in Boise. While we will have a portion of this exhibit at BCD, Patter Miller will present this work and discuss the inner strength the highlighted women in this project had and continue to demonstrate.</p>



<p><strong><em>A presentation by</em></strong><br>Patty Miller<br>Founding board member and former Executive Director of the Basque Museum &amp; Cultural Center</p>



<p>*<em>A portion of this exhibit will be on-site.</em></p>



<p class="has-strong-red-color has-text-color"><strong>Session 3: Today’s Basque Women Leaders and Their Impact on Basque Communities</strong><br>3:30ish – 4:30ish</p>



<p>Women’s roles have evolved within Basque communities since the early days of boardinghouses; this evolution is the sum of a few things, including societal shifts, education, and upbringing, all sprinkled with a whole lot of “indarra” left over from our culture. As such, women are incorporating this and bringing it back to their respective Basque communities. This session will be a second live conversation with five women and a moderator. Here, Boise, Nevada, California, and Washington represent this panel.</p>



<p><strong><em>A panel discussion with</em></strong></p>



<ul class="wp-block-list">
<li>Argia Beristain | VP for Development, Boise State University, Boise, ID</li>



<li>Esther Ciganda  | Athlete/Educator/Entrepreneur, Moses Lake, WA</li>



<li>Madalen Bieter | Radio Show Founder/Physical Therapist, Boise, ID</li>



<li>Nerea Lete | Educator, Boise, ID</li>



<li>Zoe Bray | Artist, Reno, NV</li>
</ul>



<p><strong><em>Moderated by</em></strong><br>Marie Laxague Rosecrans<br>SVP, Impact Industries Marketing at Salesforce<br>Assistant Secretary and Director of the San Francisco Basque Cultural Center Board of Directors and Co-Chair of its Digital Committee. She also leads the Mendigoizaleak hiking group for its members and friends.</p>



<p>*Boarder’s Dinner to follow…</p>



<hr class="wp-block-separator has-alpha-channel-opacity"/>



<div class="wp-block-buttons is-layout-flex wp-block-buttons-is-layout-flex">
<div class="wp-block-button has-custom-width wp-block-button__width-100 is-style-outline is-style-outline--2" style="font-style:normal;font-weight:700;text-transform:uppercase"><a class="wp-block-button__link has-white-background-color has-text-color has-background wp-element-button" href="https://www.basqueeducational.org/a-thousand-thanks/" style="border-radius:87px;color:#6986af;padding-top:var(--wp--preset--spacing--30);padding-bottom:var(--wp--preset--spacing--30)" target="_blank" rel="noreferrer noopener">MEET OUR SPONSORS</a></div>
</div>



<hr class="wp-block-separator has-alpha-channel-opacity"/>
