{"id":7180,"date":"2024-07-10T17:28:35","date_gmt":"2024-07-10T17:28:35","guid":{"rendered":"https:\/\/www.basqueeducational.org\/?page_id=7180"},"modified":"2025-06-02T22:16:58","modified_gmt":"2025-06-02T22:16:58","slug":"beo-funds","status":"publish","type":"page","link":"https:\/\/www.basqueeducational.org\/es\/beo-funds\/","title":{"rendered":"FONDOS BEO"},"content":{"rendered":"<div class=\"wp-block-columns zeko-team is-layout-flex wp-container-core-columns-is-layout-9d6595d7 wp-block-columns-is-layout-flex\">\n<div class=\"wp-block-column is-layout-flow wp-block-column-is-layout-flow\">\n<figure class=\"wp-block-image size-full\"><img fetchpriority=\"high\" decoding=\"async\" width=\"900\" height=\"600\" src=\"https:\/\/www.basqueeducational.org\/wp-content\/uploads\/2024\/07\/scholarship-fund-1.png\" alt=\"\" class=\"wp-image-7205\" srcset=\"https:\/\/www.basqueeducational.org\/wp-content\/uploads\/2024\/07\/scholarship-fund-1.png 900w, https:\/\/www.basqueeducational.org\/wp-content\/uploads\/2024\/07\/scholarship-fund-1-300x200.png 300w, https:\/\/www.basqueeducational.org\/wp-content\/uploads\/2024\/07\/scholarship-fund-1-768x512.png 768w, https:\/\/www.basqueeducational.org\/wp-content\/uploads\/2024\/07\/scholarship-fund-1-18x12.png 18w, https:\/\/www.basqueeducational.org\/wp-content\/uploads\/2024\/07\/scholarship-fund-1-700x467.png 700w, https:\/\/www.basqueeducational.org\/wp-content\/uploads\/2024\/07\/scholarship-fund-1-348x232.png 348w, https:\/\/www.basqueeducational.org\/wp-content\/uploads\/2024\/07\/scholarship-fund-1-354x236.png 354w, https:\/\/www.basqueeducational.org\/wp-content\/uploads\/2024\/07\/scholarship-fund-1-600x400.png 600w\" sizes=\"(max-width: 900px) 100vw, 900px\" \/><\/figure>\n\n\n\n<hr class=\"wp-block-separator has-text-color has-strong-red-color has-css-opacity has-strong-red-background-color has-background is-style-wide\"\/>\n\n\n\n<h2 class=\"wp-block-heading\">FONDO DE BECAS<\/h2>\n\n\n\n<p>Por lo que sabemos, nuestros concursos de becas no s\u00f3lo son interesantes, \u00a1son divertidos! Cada a\u00f1o seleccionamos un tema y pedimos a los candidatos que presenten una obra original y creativa que explore las ideas del tema. Aqu\u00ed, el mundo es la ostra del solicitante. Los temas se anuncian en primavera y el plazo de presentaci\u00f3n es el siguiente <strong>31 de julio<\/strong>.<\/p>\n\n\n\n<div class=\"wp-block-buttons is-layout-flex wp-block-buttons-is-layout-flex\">\n<div class=\"wp-block-button has-custom-width wp-block-button__width-100\"><a class=\"wp-block-button__link has-white-color has-strong-red-background-color has-text-color has-background has-link-color has-small-font-size has-custom-font-size wp-element-button\" href=\"https:\/\/www.basqueeducational.org\/scholarship\/\" style=\"padding-top:var(--wp--preset--spacing--30);padding-bottom:var(--wp--preset--spacing--30)\" target=\"_blank\" rel=\"noreferrer noopener\">M\u00c1S INFORMACI\u00d3N \/ DONACIONES<\/a><\/div>\n<\/div>\n<\/div>\n\n\n\n<div class=\"wp-block-column is-layout-flow wp-block-column-is-layout-flow\">\n<figure class=\"wp-block-image size-full\"><img decoding=\"async\" width=\"900\" height=\"600\" src=\"https:\/\/www.basqueeducational.org\/wp-content\/uploads\/2024\/07\/womens-empowerment-fund-1.png\" alt=\"\" class=\"wp-image-7206\" srcset=\"https:\/\/www.basqueeducational.org\/wp-content\/uploads\/2024\/07\/womens-empowerment-fund-1.png 900w, https:\/\/www.basqueeducational.org\/wp-content\/uploads\/2024\/07\/womens-empowerment-fund-1-300x200.png 300w, https:\/\/www.basqueeducational.org\/wp-content\/uploads\/2024\/07\/womens-empowerment-fund-1-768x512.png 768w, https:\/\/www.basqueeducational.org\/wp-content\/uploads\/2024\/07\/womens-empowerment-fund-1-18x12.png 18w, https:\/\/www.basqueeducational.org\/wp-content\/uploads\/2024\/07\/womens-empowerment-fund-1-700x467.png 700w, https:\/\/www.basqueeducational.org\/wp-content\/uploads\/2024\/07\/womens-empowerment-fund-1-348x232.png 348w, https:\/\/www.basqueeducational.org\/wp-content\/uploads\/2024\/07\/womens-empowerment-fund-1-354x236.png 354w, https:\/\/www.basqueeducational.org\/wp-content\/uploads\/2024\/07\/womens-empowerment-fund-1-600x400.png 600w\" sizes=\"(max-width: 900px) 100vw, 900px\" \/><\/figure>\n\n\n\n<hr class=\"wp-block-separator has-text-color has-strong-red-color has-css-opacity has-strong-red-background-color has-background is-style-wide\"\/>\n\n\n\n<h2 class=\"wp-block-heading\">FONDO DE CAPACITACI\u00d3N DE LAS MUJERES<\/h2>\n\n\n\n<p>Celebrar y mostrar un profundo aprecio y apoyo a las mujeres de nuestras comunidades vascas es muy importante para nosotros. Este fondo est\u00e1 dise\u00f1ado para apoyar a las mujeres que necesitan ayuda financiera para dar forma a nuestras comunidades, promover nuestra cultura y mejorar nuestra identidad vasca.<\/p>\n\n\n\n<div class=\"wp-block-buttons is-content-justification-center is-layout-flex wp-container-core-buttons-is-layout-16018d1d wp-block-buttons-is-layout-flex\">\n<div class=\"wp-block-button has-custom-width wp-block-button__width-100 is-style-fill\"><a class=\"wp-block-button__link has-white-color has-strong-red-background-color has-text-color has-background has-link-color has-small-font-size has-custom-font-size wp-element-button\" href=\"https:\/\/www.basqueeducational.org\/womens-empowerment-fund\" style=\"border-radius:0px;padding-top:var(--wp--preset--spacing--30);padding-right:0;padding-bottom:var(--wp--preset--spacing--30);padding-left:0\" target=\"_blank\" rel=\"noreferrer noopener\">M\u00c1S INFORMACI\u00d3N \/ DONACIONES<\/a><\/div>\n<\/div>\n<\/div>\n<\/div>\n\n\n\n<div style=\"height:40px\" aria-hidden=\"true\" class=\"wp-block-spacer\"><\/div>\n\n\n\n<div class=\"wp-block-columns zeko-team is-layout-flex wp-container-core-columns-is-layout-9d6595d7 wp-block-columns-is-layout-flex\">\n<div class=\"wp-block-column is-layout-flow wp-block-column-is-layout-flow\">\n<figure class=\"wp-block-image size-full\"><img decoding=\"async\" width=\"900\" height=\"600\" src=\"https:\/\/www.basqueeducational.org\/wp-content\/uploads\/2024\/07\/creators-fund.png\" alt=\"\" class=\"wp-image-7204\" srcset=\"https:\/\/www.basqueeducational.org\/wp-content\/uploads\/2024\/07\/creators-fund.png 900w, https:\/\/www.basqueeducational.org\/wp-content\/uploads\/2024\/07\/creators-fund-300x200.png 300w, https:\/\/www.basqueeducational.org\/wp-content\/uploads\/2024\/07\/creators-fund-768x512.png 768w, https:\/\/www.basqueeducational.org\/wp-content\/uploads\/2024\/07\/creators-fund-18x12.png 18w, https:\/\/www.basqueeducational.org\/wp-content\/uploads\/2024\/07\/creators-fund-700x467.png 700w, https:\/\/www.basqueeducational.org\/wp-content\/uploads\/2024\/07\/creators-fund-348x232.png 348w, https:\/\/www.basqueeducational.org\/wp-content\/uploads\/2024\/07\/creators-fund-354x236.png 354w, https:\/\/www.basqueeducational.org\/wp-content\/uploads\/2024\/07\/creators-fund-600x400.png 600w\" sizes=\"(max-width: 900px) 100vw, 900px\" \/><\/figure>\n\n\n\n<hr class=\"wp-block-separator has-text-color has-strong-red-color has-css-opacity has-strong-red-background-color has-background is-style-wide\"\/>\n\n\n\n<h2 class=\"wp-block-heading\">FONDO DEL CREADOR<\/h2>\n\n\n\n<p>\u00abLas historias son una moneda com\u00fan de la humanidad\u00bb. -Tahir Shah, en <em>Arabian Nights<\/em>. No hay palabras m\u00e1s ciertas... y por eso estamos tan profundamente comprometidos con las almas creativas de nuestra gran comunidad. Este fondo es para el artista comprometido con un proyecto que cuente una historia sobre la cultura vasca. <br><\/p>\n\n\n\n<div class=\"wp-block-buttons is-layout-flex wp-block-buttons-is-layout-flex\">\n<div class=\"wp-block-button has-custom-width wp-block-button__width-100\"><a class=\"wp-block-button__link has-white-color has-strong-red-background-color has-text-color has-background has-link-color has-small-font-size has-custom-font-size wp-element-button\" href=\"https:\/\/www.basqueeducational.org\/creators-grant\/\" style=\"padding-top:var(--wp--preset--spacing--30);padding-bottom:var(--wp--preset--spacing--30)\" target=\"_blank\" rel=\"noreferrer noopener\">M\u00c1S INFORMACI\u00d3N \/ DONACIONES<\/a><\/div>\n<\/div>\n<\/div>\n\n\n\n<div class=\"wp-block-column is-layout-flow wp-block-column-is-layout-flow\">\n<figure class=\"wp-block-image size-full\"><img loading=\"lazy\" decoding=\"async\" width=\"900\" height=\"600\" src=\"https:\/\/www.basqueeducational.org\/wp-content\/uploads\/2024\/07\/general-fund.png\" alt=\"\" class=\"wp-image-7207\" srcset=\"https:\/\/www.basqueeducational.org\/wp-content\/uploads\/2024\/07\/general-fund.png 900w, https:\/\/www.basqueeducational.org\/wp-content\/uploads\/2024\/07\/general-fund-300x200.png 300w, https:\/\/www.basqueeducational.org\/wp-content\/uploads\/2024\/07\/general-fund-768x512.png 768w, https:\/\/www.basqueeducational.org\/wp-content\/uploads\/2024\/07\/general-fund-18x12.png 18w, https:\/\/www.basqueeducational.org\/wp-content\/uploads\/2024\/07\/general-fund-700x467.png 700w, https:\/\/www.basqueeducational.org\/wp-content\/uploads\/2024\/07\/general-fund-348x232.png 348w, https:\/\/www.basqueeducational.org\/wp-content\/uploads\/2024\/07\/general-fund-354x236.png 354w, https:\/\/www.basqueeducational.org\/wp-content\/uploads\/2024\/07\/general-fund-600x400.png 600w\" sizes=\"(max-width: 900px) 100vw, 900px\" \/><\/figure>\n\n\n\n<hr class=\"wp-block-separator has-text-color has-strong-red-color has-css-opacity has-strong-red-background-color has-background is-style-wide\"\/>\n\n\n\n<h2 class=\"wp-block-heading\">EL FONDO GENERAL<\/h2>\n\n\n\n<p>Es justo decir que somos un grupo en\u00e9rgico, apasionado y abierto, centrado en nuestra misi\u00f3n. Este fondo nos ayuda a mantener y mejorar nuestros programas actuales. <br><br>Su donaci\u00f3n nos permite so\u00f1ar y actuar en la programaci\u00f3n futura. <\/p>\n\n\n\n<div class=\"wp-block-buttons is-content-justification-center is-layout-flex wp-container-core-buttons-is-layout-16018d1d wp-block-buttons-is-layout-flex\">\n<div class=\"wp-block-button has-custom-width wp-block-button__width-100 is-style-fill\"><a class=\"wp-block-button__link has-white-color has-strong-red-background-color has-text-color has-background has-link-color has-small-font-size has-custom-font-size wp-element-button\" href=\"https:\/\/www.basqueeducational.org\/donations\/the-laguna-friend\/\" style=\"border-radius:0px;padding-top:var(--wp--preset--spacing--30);padding-right:0;padding-bottom:var(--wp--preset--spacing--30);padding-left:0\">DONAR HOY<\/a><\/div>\n<\/div>\n<\/div>\n<\/div>\n\n\n\n<p><\/p>","protected":false},"excerpt":{"rendered":"<p>THE SCHOLARSHIP FUND From what we understand, our scholarship contests aren&#8217;t only interesting\u2014they&#8217;re fun! Every year, we select a theme and ask applicants to submit an original, creative piece that [&hellip;]<\/p>\n","protected":false},"author":1,"featured_media":0,"parent":0,"menu_order":0,"comment_status":"closed","ping_status":"closed","template":"templates\/full-width-page.php","meta":{"give_campaign_id":0,"_tec_requires_first_save":true,"_exactmetrics_skip_tracking":false,"_exactmetrics_sitenote_active":false,"_exactmetrics_sitenote_note":"","_exactmetrics_sitenote_category":0,"_price":"","_stock":"","_tribe_ticket_header":"","_tribe_default_ticket_provider":"","_tribe_ticket_capacity":"0","_ticket_start_date":"","_ticket_end_date":"","_tribe_ticket_show_description":"","_tribe_ticket_show_not_going":false,"_tribe_ticket_use_global_stock":"","_tribe_ticket_global_stock_level":"","_global_stock_mode":"","_global_stock_cap":"","_tribe_rsvp_for_event":"","_tribe_ticket_going_count":"","_tribe_ticket_not_going_count":"","_tribe_tickets_list":"[]","_tribe_ticket_has_attendee_info_fields":false,"_EventAllDay":false,"_EventTimezone":"","_EventStartDate":"","_EventEndDate":"","_EventStartDateUTC":"","_EventEndDateUTC":"","_EventShowMap":false,"_EventShowMapLink":false,"_EventURL":"","_EventCost":"","_EventCostDescription":"","_EventCurrencySymbol":"","_EventCurrencyCode":"","_EventCurrencyPosition":"","_EventDateTimeSeparator":"","_EventTimeRangeSeparator":"","_EventOrganizerID":[],"_EventVenueID":[],"_OrganizerEmail":"","_OrganizerPhone":"","_OrganizerWebsite":"","_VenueAddress":"","_VenueCity":"","_VenueCountry":"","_VenueProvince":"","_VenueState":"","_VenueZip":"","_VenuePhone":"","_VenueURL":"","_VenueStateProvince":"","_VenueLat":"","_VenueLng":"","_VenueShowMap":false,"_VenueShowMapLink":false,"_tribe_blocks_recurrence_rules":"","_tribe_blocks_recurrence_description":"","_tribe_blocks_recurrence_exclusions":"","jetpack_post_was_ever_published":false,"footnotes":""},"class_list":["post-7180","page","type-page","status-publish","hentry"],"campaignId":"","jetpack_sharing_enabled":true,"jetpack_shortlink":"https:\/\/wp.me\/PaFejT-1RO","_links":{"self":[{"href":"https:\/\/www.basqueeducational.org\/es\/wp-json\/wp\/v2\/pages\/7180","targetHints":{"allow":["GET"]}}],"collection":[{"href":"https:\/\/www.basqueeducational.org\/es\/wp-json\/wp\/v2\/pages"}],"about":[{"href":"https:\/\/www.basqueeducational.org\/es\/wp-json\/wp\/v2\/types\/page"}],"author":[{"embeddable":true,"href":"https:\/\/www.basqueeducational.org\/es\/wp-json\/wp\/v2\/users\/1"}],"replies":[{"embeddable":true,"href":"https:\/\/www.basqueeducational.org\/es\/wp-json\/wp\/v2\/comments?post=7180"}],"version-history":[{"count":4,"href":"https:\/\/www.basqueeducational.org\/es\/wp-json\/wp\/v2\/pages\/7180\/revisions"}],"predecessor-version":[{"id":8419,"href":"https:\/\/www.basqueeducational.org\/es\/wp-json\/wp\/v2\/pages\/7180\/revisions\/8419"}],"wp:attachment":[{"href":"https:\/\/www.basqueeducational.org\/es\/wp-json\/wp\/v2\/media?parent=7180"}],"curies":[{"name":"wp","href":"https:\/\/api.w.org\/{rel}","templated":true}]}}

<div class="wp-block-columns zeko-team is-layout-flex wp-container-core-columns-is-layout-9d6595d7 wp-block-columns-is-layout-flex">
<div class="wp-block-column is-layout-flow wp-block-column-is-layout-flow">
<figure class="wp-block-image size-full"><img fetchpriority="high" decoding="async" width="900" height="600" src="https://www.basqueeducational.org/wp-content/uploads/2024/07/scholarship-fund-1.png" alt="" class="wp-image-7205" srcset="https://www.basqueeducational.org/wp-content/uploads/2024/07/scholarship-fund-1.png 900w, https://www.basqueeducational.org/wp-content/uploads/2024/07/scholarship-fund-1-300x200.png 300w, https://www.basqueeducational.org/wp-content/uploads/2024/07/scholarship-fund-1-768x512.png 768w, https://www.basqueeducational.org/wp-content/uploads/2024/07/scholarship-fund-1-18x12.png 18w, https://www.basqueeducational.org/wp-content/uploads/2024/07/scholarship-fund-1-700x467.png 700w, https://www.basqueeducational.org/wp-content/uploads/2024/07/scholarship-fund-1-348x232.png 348w, https://www.basqueeducational.org/wp-content/uploads/2024/07/scholarship-fund-1-354x236.png 354w, https://www.basqueeducational.org/wp-content/uploads/2024/07/scholarship-fund-1-600x400.png 600w" sizes="(max-width: 900px) 100vw, 900px" /></figure>



<hr class="wp-block-separator has-text-color has-strong-red-color has-css-opacity has-strong-red-background-color has-background is-style-wide"/>



<h2 class="wp-block-heading">FONDO DE BECAS</h2>



<p>Por lo que sabemos, nuestros concursos de becas no sólo son interesantes, ¡son divertidos! Cada año seleccionamos un tema y pedimos a los candidatos que presenten una obra original y creativa que explore las ideas del tema. Aquí, el mundo es la ostra del solicitante. Los temas se anuncian en primavera y el plazo de presentación es el siguiente <strong>31 de julio</strong>.</p>



<div class="wp-block-buttons is-layout-flex wp-block-buttons-is-layout-flex">
<div class="wp-block-button has-custom-width wp-block-button__width-100"><a class="wp-block-button__link has-white-color has-strong-red-background-color has-text-color has-background has-link-color has-small-font-size has-custom-font-size wp-element-button" href="https://www.basqueeducational.org/scholarship/" style="padding-top:var(--wp--preset--spacing--30);padding-bottom:var(--wp--preset--spacing--30)" target="_blank" rel="noreferrer noopener">MÁS INFORMACIÓN / DONACIONES</a></div>
</div>
</div>



<div class="wp-block-column is-layout-flow wp-block-column-is-layout-flow">
<figure class="wp-block-image size-full"><img decoding="async" width="900" height="600" src="https://www.basqueeducational.org/wp-content/uploads/2024/07/womens-empowerment-fund-1.png" alt="" class="wp-image-7206" srcset="https://www.basqueeducational.org/wp-content/uploads/2024/07/womens-empowerment-fund-1.png 900w, https://www.basqueeducational.org/wp-content/uploads/2024/07/womens-empowerment-fund-1-300x200.png 300w, https://www.basqueeducational.org/wp-content/uploads/2024/07/womens-empowerment-fund-1-768x512.png 768w, https://www.basqueeducational.org/wp-content/uploads/2024/07/womens-empowerment-fund-1-18x12.png 18w, https://www.basqueeducational.org/wp-content/uploads/2024/07/womens-empowerment-fund-1-700x467.png 700w, https://www.basqueeducational.org/wp-content/uploads/2024/07/womens-empowerment-fund-1-348x232.png 348w, https://www.basqueeducational.org/wp-content/uploads/2024/07/womens-empowerment-fund-1-354x236.png 354w, https://www.basqueeducational.org/wp-content/uploads/2024/07/womens-empowerment-fund-1-600x400.png 600w" sizes="(max-width: 900px) 100vw, 900px" /></figure>



<hr class="wp-block-separator has-text-color has-strong-red-color has-css-opacity has-strong-red-background-color has-background is-style-wide"/>



<h2 class="wp-block-heading">FONDO DE CAPACITACIÓN DE LAS MUJERES</h2>



<p>Celebrar y mostrar un profundo aprecio y apoyo a las mujeres de nuestras comunidades vascas es muy importante para nosotros. Este fondo está diseñado para apoyar a las mujeres que necesitan ayuda financiera para dar forma a nuestras comunidades, promover nuestra cultura y mejorar nuestra identidad vasca.</p>



<div class="wp-block-buttons is-content-justification-center is-layout-flex wp-container-core-buttons-is-layout-16018d1d wp-block-buttons-is-layout-flex">
<div class="wp-block-button has-custom-width wp-block-button__width-100 is-style-fill"><a class="wp-block-button__link has-white-color has-strong-red-background-color has-text-color has-background has-link-color has-small-font-size has-custom-font-size wp-element-button" href="https://www.basqueeducational.org/womens-empowerment-fund" style="border-radius:0px;padding-top:var(--wp--preset--spacing--30);padding-right:0;padding-bottom:var(--wp--preset--spacing--30);padding-left:0" target="_blank" rel="noreferrer noopener">MÁS INFORMACIÓN / DONACIONES</a></div>
</div>
</div>
</div>



<div style="height:40px" aria-hidden="true" class="wp-block-spacer"></div>



<div class="wp-block-columns zeko-team is-layout-flex wp-container-core-columns-is-layout-9d6595d7 wp-block-columns-is-layout-flex">
<div class="wp-block-column is-layout-flow wp-block-column-is-layout-flow">
<figure class="wp-block-image size-full"><img decoding="async" width="900" height="600" src="https://www.basqueeducational.org/wp-content/uploads/2024/07/creators-fund.png" alt="" class="wp-image-7204" srcset="https://www.basqueeducational.org/wp-content/uploads/2024/07/creators-fund.png 900w, https://www.basqueeducational.org/wp-content/uploads/2024/07/creators-fund-300x200.png 300w, https://www.basqueeducational.org/wp-content/uploads/2024/07/creators-fund-768x512.png 768w, https://www.basqueeducational.org/wp-content/uploads/2024/07/creators-fund-18x12.png 18w, https://www.basqueeducational.org/wp-content/uploads/2024/07/creators-fund-700x467.png 700w, https://www.basqueeducational.org/wp-content/uploads/2024/07/creators-fund-348x232.png 348w, https://www.basqueeducational.org/wp-content/uploads/2024/07/creators-fund-354x236.png 354w, https://www.basqueeducational.org/wp-content/uploads/2024/07/creators-fund-600x400.png 600w" sizes="(max-width: 900px) 100vw, 900px" /></figure>



<hr class="wp-block-separator has-text-color has-strong-red-color has-css-opacity has-strong-red-background-color has-background is-style-wide"/>



<h2 class="wp-block-heading">FONDO DEL CREADOR</h2>



<p>«Las historias son una moneda común de la humanidad». -Tahir Shah, en <em>Arabian Nights</em>. No hay palabras más ciertas... y por eso estamos tan profundamente comprometidos con las almas creativas de nuestra gran comunidad. Este fondo es para el artista comprometido con un proyecto que cuente una historia sobre la cultura vasca. <br></p>



<div class="wp-block-buttons is-layout-flex wp-block-buttons-is-layout-flex">
<div class="wp-block-button has-custom-width wp-block-button__width-100"><a class="wp-block-button__link has-white-color has-strong-red-background-color has-text-color has-background has-link-color has-small-font-size has-custom-font-size wp-element-button" href="https://www.basqueeducational.org/creators-grant/" style="padding-top:var(--wp--preset--spacing--30);padding-bottom:var(--wp--preset--spacing--30)" target="_blank" rel="noreferrer noopener">MÁS INFORMACIÓN / DONACIONES</a></div>
</div>
</div>



<div class="wp-block-column is-layout-flow wp-block-column-is-layout-flow">
<figure class="wp-block-image size-full"><img loading="lazy" decoding="async" width="900" height="600" src="https://www.basqueeducational.org/wp-content/uploads/2024/07/general-fund.png" alt="" class="wp-image-7207" srcset="https://www.basqueeducational.org/wp-content/uploads/2024/07/general-fund.png 900w, https://www.basqueeducational.org/wp-content/uploads/2024/07/general-fund-300x200.png 300w, https://www.basqueeducational.org/wp-content/uploads/2024/07/general-fund-768x512.png 768w, https://www.basqueeducational.org/wp-content/uploads/2024/07/general-fund-18x12.png 18w, https://www.basqueeducational.org/wp-content/uploads/2024/07/general-fund-700x467.png 700w, https://www.basqueeducational.org/wp-content/uploads/2024/07/general-fund-348x232.png 348w, https://www.basqueeducational.org/wp-content/uploads/2024/07/general-fund-354x236.png 354w, https://www.basqueeducational.org/wp-content/uploads/2024/07/general-fund-600x400.png 600w" sizes="(max-width: 900px) 100vw, 900px" /></figure>



<hr class="wp-block-separator has-text-color has-strong-red-color has-css-opacity has-strong-red-background-color has-background is-style-wide"/>



<h2 class="wp-block-heading">EL FONDO GENERAL</h2>



<p>Es justo decir que somos un grupo enérgico, apasionado y abierto, centrado en nuestra misión. Este fondo nos ayuda a mantener y mejorar nuestros programas actuales. <br><br>Su donación nos permite soñar y actuar en la programación futura. </p>



<div class="wp-block-buttons is-content-justification-center is-layout-flex wp-container-core-buttons-is-layout-16018d1d wp-block-buttons-is-layout-flex">
<div class="wp-block-button has-custom-width wp-block-button__width-100 is-style-fill"><a class="wp-block-button__link has-white-color has-strong-red-background-color has-text-color has-background has-link-color has-small-font-size has-custom-font-size wp-element-button" href="https://www.basqueeducational.org/donations/the-laguna-friend/" style="border-radius:0px;padding-top:var(--wp--preset--spacing--30);padding-right:0;padding-bottom:var(--wp--preset--spacing--30);padding-left:0">DONAR HOY</a></div>
</div>
</div>
</div>



<p></p>
