{"id":9357,"date":"2026-03-05T18:04:44","date_gmt":"2026-03-06T02:04:44","guid":{"rendered":"https:\/\/www.basqueeducational.org\/?page_id=9357"},"modified":"2026-03-13T11:12:34","modified_gmt":"2026-03-13T18:12:34","slug":"little-free-basque-library","status":"publish","type":"page","link":"https:\/\/www.basqueeducational.org\/es\/little-free-basque-library\/","title":{"rendered":"PEQUE\u00d1A BIBLIOTECA VASCA GRATUITA"},"content":{"rendered":"<div class=\"wp-block-media-text alignfull is-stacked-on-mobile is-image-fill-element zeko-media has-background\" style=\"background-color:#fbfbfb;grid-template-columns:57% auto\"><figure class=\"wp-block-media-text__media\"><img fetchpriority=\"high\" decoding=\"async\" width=\"700\" height=\"541\" src=\"https:\/\/www.basqueeducational.org\/wp-content\/uploads\/2026\/03\/LFBL-Prototype-4-1.png\" alt=\"\" class=\"wp-image-9469 size-full\" style=\"object-position:50% 50%\" srcset=\"https:\/\/www.basqueeducational.org\/wp-content\/uploads\/2026\/03\/LFBL-Prototype-4-1.png 700w, https:\/\/www.basqueeducational.org\/wp-content\/uploads\/2026\/03\/LFBL-Prototype-4-1-300x232.png 300w, https:\/\/www.basqueeducational.org\/wp-content\/uploads\/2026\/03\/LFBL-Prototype-4-1-16x12.png 16w, https:\/\/www.basqueeducational.org\/wp-content\/uploads\/2026\/03\/LFBL-Prototype-4-1-348x269.png 348w, https:\/\/www.basqueeducational.org\/wp-content\/uploads\/2026\/03\/LFBL-Prototype-4-1-354x274.png 354w, https:\/\/www.basqueeducational.org\/wp-content\/uploads\/2026\/03\/LFBL-Prototype-4-1-600x464.png 600w\" sizes=\"(max-width: 700px) 100vw, 700px\" \/><\/figure><div class=\"wp-block-media-text__content\">\n<div class=\"wp-block-group\" style=\"padding-top:0%;padding-right:0%;padding-bottom:0%;padding-left:0%\"><div class=\"wp-block-group__inner-container is-layout-flow wp-block-group-is-layout-flow\">\n<hr class=\"wp-block-separator has-text-color has-strong-red-color has-css-opacity has-strong-red-background-color has-background is-style-default\"\/>\n\n\n\n<h2 class=\"wp-block-heading has-large-font-size\"><\/h2>\n\n\n\n<p class=\"has-strong-red-color has-text-color\">La \u201cLittle Free Library\u201d es una organizaci\u00f3n sin \u00e1nimo de lucro cuya misi\u00f3n es \u201cser un catalizador para crear comunidad, inspirar a los lectores y ampliar el acceso a los libros para todos a trav\u00e9s de una red mundial de cajas de intercambio de libros Little Free Library dirigidas por voluntarios\u201d.\u201d<\/p>\n\n\n\n<p>Cuando vimos nuestra biblioteca f\u00edsica y todos los libros maravillosos que hab\u00eda all\u00ed, y supimos que quer\u00edamos distribuirlos en nuestras comunidades, la \u201cPeque\u00f1a Biblioteca Gratuita\u201d nos habl\u00f3.<\/p>\n\n\n\n<p>Pero claro, somos el BEO. Ten\u00edamos que darle nuestra propia vuelta de tuerca. As\u00ed que, fusionando las cajas de intercambio de libros con nuestra misi\u00f3n de dar acceso inclusivo a la cultura vasca a trav\u00e9s de las artes, estamos creando peque\u00f1as cajas de intercambio de libros vascos para distribuir por todo Estados Unidos, cada una de las cuales incluye un pu\u00f1ado de libros de nuestra biblioteca para empezar. <\/p>\n\n\n\n<p>He aqu\u00ed algunos detalles:<br>&gt; Este cuadro de la izquierda es el aspecto que tendr\u00e1 (tienes opciones de color en la p\u00e1gina siguiente);<br>&gt; dimensiones aprox: 16,5\u2033 (h) x 14,5\u2033 (w) x 12\u2033 (d);<br>&gt; seleccione un bot\u00f3n para obtener m\u00e1s informaci\u00f3n.<\/p>\n\n\n\n<p>- Para las euskal etxeas, centros comunitarios vascos o zonas de reuni\u00f3n designadas, las damos gratis (<em>aunque podemos pedir ayuda para cubrir los gastos de env\u00edo<\/em>) <br>- Para los particulares, cobramos un coste simb\u00f3lico para empezar.<\/p>\n\n\n\n<div class=\"wp-block-columns is-layout-flex wp-container-core-columns-is-layout-9d6595d7 wp-block-columns-is-layout-flex\">\n<div class=\"wp-block-column is-layout-flow wp-block-column-is-layout-flow\" style=\"flex-basis:100%\">\n<div class=\"wp-block-columns is-layout-flex wp-container-core-columns-is-layout-9d6595d7 wp-block-columns-is-layout-flex\">\n<div class=\"wp-block-column is-layout-flow wp-block-column-is-layout-flow\">\n<div class=\"wp-block-buttons is-layout-flex wp-block-buttons-is-layout-flex\">\n<div class=\"wp-block-button\"><a class=\"wp-block-button__link has-white-color has-strong-red-background-color has-text-color has-background has-link-color wp-element-button\" href=\"https:\/\/www.basqueeducational.org\/donations\/euskal-etxea-library\/\">TENEMOS UNA EUSKAL ETXEA<\/a><\/div>\n<\/div>\n<\/div>\n\n\n\n<div class=\"wp-block-column has-white-color has-text-color has-link-color wp-elements-63be53a7d5b3fa9b10600e3abb737b9c is-layout-flow wp-block-column-is-layout-flow\">\n<div class=\"wp-block-buttons is-layout-flex wp-block-buttons-is-layout-flex\">\n<div class=\"wp-block-button\"><a class=\"wp-block-button__link has-white-color has-strong-red-background-color has-text-color has-background has-link-color wp-element-button\" href=\"https:\/\/www.basqueeducational.org\/donations\/indiv-library\/\">QUIERO UNO PARA MI CASA<\/a><\/div>\n<\/div>\n<\/div>\n<\/div>\n<\/div>\n<\/div>\n<\/div><\/div>\n<\/div><\/div>\n\n\n\n<p><\/p>","protected":false},"excerpt":{"rendered":"The \"Little Free Library\" is a nonprofit organization whose mission is to \"be a catalyst for building community, inspiring readers, and expanding book access for all through a global network [...]","protected":false},"author":1,"featured_media":0,"parent":0,"menu_order":0,"comment_status":"closed","ping_status":"closed","template":"","meta":{"give_campaign_id":0,"_tec_requires_first_save":true,"_exactmetrics_skip_tracking":false,"_exactmetrics_sitenote_active":false,"_exactmetrics_sitenote_note":"","_exactmetrics_sitenote_category":0,"_price":"","_stock":"","_tribe_ticket_header":"","_tribe_default_ticket_provider":"","_tribe_ticket_capacity":"0","_ticket_start_date":"","_ticket_end_date":"","_tribe_ticket_show_description":"","_tribe_ticket_show_not_going":false,"_tribe_ticket_use_global_stock":"","_tribe_ticket_global_stock_level":"","_global_stock_mode":"","_global_stock_cap":"","_tribe_rsvp_for_event":"","_tribe_ticket_going_count":"","_tribe_ticket_not_going_count":"","_tribe_tickets_list":"[]","_tribe_ticket_has_attendee_info_fields":false,"_EventAllDay":false,"_EventTimezone":"","_EventStartDate":"","_EventEndDate":"","_EventStartDateUTC":"","_EventEndDateUTC":"","_EventShowMap":false,"_EventShowMapLink":false,"_EventURL":"","_EventCost":"","_EventCostDescription":"","_EventCurrencySymbol":"","_EventCurrencyCode":"","_EventCurrencyPosition":"","_EventDateTimeSeparator":"","_EventTimeRangeSeparator":"","_EventOrganizerID":[],"_EventVenueID":[],"_OrganizerEmail":"","_OrganizerPhone":"","_OrganizerWebsite":"","_VenueAddress":"","_VenueCity":"","_VenueCountry":"","_VenueProvince":"","_VenueState":"","_VenueZip":"","_VenuePhone":"","_VenueURL":"","_VenueStateProvince":"","_VenueLat":"","_VenueLng":"","_VenueShowMap":false,"_VenueShowMapLink":false,"_tribe_blocks_recurrence_rules":"","_tribe_blocks_recurrence_description":"","_tribe_blocks_recurrence_exclusions":"","jetpack_post_was_ever_published":false,"footnotes":""},"class_list":["post-9357","page","type-page","status-publish","hentry"],"campaignId":"","jetpack_sharing_enabled":true,"jetpack_shortlink":"https:\/\/wp.me\/PaFejT-2qV","_links":{"self":[{"href":"https:\/\/www.basqueeducational.org\/es\/wp-json\/wp\/v2\/pages\/9357","targetHints":{"allow":["GET"]}}],"collection":[{"href":"https:\/\/www.basqueeducational.org\/es\/wp-json\/wp\/v2\/pages"}],"about":[{"href":"https:\/\/www.basqueeducational.org\/es\/wp-json\/wp\/v2\/types\/page"}],"author":[{"embeddable":true,"href":"https:\/\/www.basqueeducational.org\/es\/wp-json\/wp\/v2\/users\/1"}],"replies":[{"embeddable":true,"href":"https:\/\/www.basqueeducational.org\/es\/wp-json\/wp\/v2\/comments?post=9357"}],"version-history":[{"count":5,"href":"https:\/\/www.basqueeducational.org\/es\/wp-json\/wp\/v2\/pages\/9357\/revisions"}],"predecessor-version":[{"id":9471,"href":"https:\/\/www.basqueeducational.org\/es\/wp-json\/wp\/v2\/pages\/9357\/revisions\/9471"}],"wp:attachment":[{"href":"https:\/\/www.basqueeducational.org\/es\/wp-json\/wp\/v2\/media?parent=9357"}],"curies":[{"name":"wp","href":"https:\/\/api.w.org\/{rel}","templated":true}]}}

PEQUEÑA BIBLIOTECA VASCA GRATUITA

<div class="wp-block-media-text alignfull is-stacked-on-mobile is-image-fill-element zeko-media has-background" style="background-color:#fbfbfb;grid-template-columns:57% auto"><figure class="wp-block-media-text__media"><img fetchpriority="high" decoding="async" width="700" height="541" src="https://www.basqueeducational.org/wp-content/uploads/2026/03/LFBL-Prototype-4-1.png" alt="" class="wp-image-9469 size-full" style="object-position:50% 50%" srcset="https://www.basqueeducational.org/wp-content/uploads/2026/03/LFBL-Prototype-4-1.png 700w, https://www.basqueeducational.org/wp-content/uploads/2026/03/LFBL-Prototype-4-1-300x232.png 300w, https://www.basqueeducational.org/wp-content/uploads/2026/03/LFBL-Prototype-4-1-16x12.png 16w, https://www.basqueeducational.org/wp-content/uploads/2026/03/LFBL-Prototype-4-1-348x269.png 348w, https://www.basqueeducational.org/wp-content/uploads/2026/03/LFBL-Prototype-4-1-354x274.png 354w, https://www.basqueeducational.org/wp-content/uploads/2026/03/LFBL-Prototype-4-1-600x464.png 600w" sizes="(max-width: 700px) 100vw, 700px" /></figure><div class="wp-block-media-text__content">
<div class="wp-block-group" style="padding-top:0%;padding-right:0%;padding-bottom:0%;padding-left:0%"><div class="wp-block-group__inner-container is-layout-flow wp-block-group-is-layout-flow">
<hr class="wp-block-separator has-text-color has-strong-red-color has-css-opacity has-strong-red-background-color has-background is-style-default"/>



<h2 class="wp-block-heading has-large-font-size"></h2>



<p class="has-strong-red-color has-text-color">La “Little Free Library” es una organización sin ánimo de lucro cuya misión es “ser un catalizador para crear comunidad, inspirar a los lectores y ampliar el acceso a los libros para todos a través de una red mundial de cajas de intercambio de libros Little Free Library dirigidas por voluntarios”.”</p>



<p>Cuando vimos nuestra biblioteca física y todos los libros maravillosos que había allí, y supimos que queríamos distribuirlos en nuestras comunidades, la “Pequeña Biblioteca Gratuita” nos habló.</p>



<p>Pero claro, somos el BEO. Teníamos que darle nuestra propia vuelta de tuerca. Así que, fusionando las cajas de intercambio de libros con nuestra misión de dar acceso inclusivo a la cultura vasca a través de las artes, estamos creando pequeñas cajas de intercambio de libros vascos para distribuir por todo Estados Unidos, cada una de las cuales incluye un puñado de libros de nuestra biblioteca para empezar. </p>



<p>He aquí algunos detalles:<br>&gt; Este cuadro de la izquierda es el aspecto que tendrá (tienes opciones de color en la página siguiente);<br>&gt; dimensiones aprox: 16,5″ (h) x 14,5″ (w) x 12″ (d);<br>&gt; seleccione un botón para obtener más información.</p>



<p>- Para las euskal etxeas, centros comunitarios vascos o zonas de reunión designadas, las damos gratis (<em>aunque podemos pedir ayuda para cubrir los gastos de envío</em>) <br>- Para los particulares, cobramos un coste simbólico para empezar.</p>



<div class="wp-block-columns is-layout-flex wp-container-core-columns-is-layout-9d6595d7 wp-block-columns-is-layout-flex">
<div class="wp-block-column is-layout-flow wp-block-column-is-layout-flow" style="flex-basis:100%">
<div class="wp-block-columns is-layout-flex wp-container-core-columns-is-layout-9d6595d7 wp-block-columns-is-layout-flex">
<div class="wp-block-column is-layout-flow wp-block-column-is-layout-flow">
<div class="wp-block-buttons is-layout-flex wp-block-buttons-is-layout-flex">
<div class="wp-block-button"><a class="wp-block-button__link has-white-color has-strong-red-background-color has-text-color has-background has-link-color wp-element-button" href="https://www.basqueeducational.org/donations/euskal-etxea-library/">TENEMOS UNA EUSKAL ETXEA</a></div>
</div>
</div>



<div class="wp-block-column has-white-color has-text-color has-link-color wp-elements-63be53a7d5b3fa9b10600e3abb737b9c is-layout-flow wp-block-column-is-layout-flow">
<div class="wp-block-buttons is-layout-flex wp-block-buttons-is-layout-flex">
<div class="wp-block-button"><a class="wp-block-button__link has-white-color has-strong-red-background-color has-text-color has-background has-link-color wp-element-button" href="https://www.basqueeducational.org/donations/indiv-library/">QUIERO UNO PARA MI CASA</a></div>
</div>
</div>
</div>
</div>
</div>
</div></div>
</div></div>



<p></p>
