{"id":9230,"date":"2026-02-27T19:46:33","date_gmt":"2026-02-28T03:46:33","guid":{"rendered":"https:\/\/www.basqueeducational.org\/?post_type=tribe_events&#038;p=9230"},"modified":"2026-08-27T09:21:39","modified_gmt":"2026-08-27T16:21:39","slug":"musikaz","status":"publish","type":"tribe_events","link":"https:\/\/www.basqueeducational.org\/es\/event\/musikaz\/","title":{"rendered":"BFS: DOS CORTOS (MUSIKAZ \u2014 RAVEL + AITA DONOSTIA)"},"content":{"rendered":"<div  class=\"tribe-events-schedule tribe-clearfix\" >\n\t<p class=\"tribe-events-schedule__datetime\">\n\t\t<span class=\"tribe-events-schedule__date tribe-events-schedule__date--start\">\n\t\t\t29 agosto\t\t<\/span>\n\n\t\t\t\t\t<span class=\"tribe-events-schedule__separator tribe-events-schedule__separator--date\">\n\t\t\t\t @ \t\t\t<\/span>\n\t\t\t<span class=\"tribe-events-schedule__time tribe-events-schedule__time--start\">\n\t\t\t\t13.30 h\t\t\t<\/span>\n\t\t\n\t\t\t\t\t\t\t\t\t<span class=\"tribe-events-schedule__separator tribe-events-schedule__separator--time\">\n\t\t\t\t\t - \t\t\t\t<\/span>\n\t\t\t\n\t\t\t\t\t\t\t<span class=\"tribe-events-schedule__time tribe-events-schedule__time--end\">\n\t\t\t\t\t15.00 h\t\t\t\t<\/span>\n\t\t\t\n\t\t\t\t\t\t\t<span class=\"tribe-events-schedule__timezone\">PDT<\/span>\n\t\t\t\t\t\t<\/p>\n<\/div>\n\n\n<div  class=\"tribe-block tribe-block__event-price\" >\n\t\t\t<span class=\"tribe-block__event-price__cost\"> Gratis <\/span>\n\t\t<\/div>\n\n\n\n<div class=\"wp-block-columns is-layout-flex wp-container-core-columns-is-layout-7387b849 wp-block-columns-is-layout-flex\">\n<div class=\"wp-block-column is-layout-flow wp-block-column-is-layout-flow\">\n<iframe loading=\"lazy\" width=\"560\" height=\"315\" src=\"https:\/\/www.youtube.com\/embed\/Ej6HJ1Um6aY?si=ZgvmqTWCwHrBv1YU\" title=\"Reproductor de v\u00eddeo YouTube\" frameborder=\"0\" allow=\"accelerometer; autoplay; clipboard-write; encrypted-media; gyroscope; picture-in-picture; web-share\" referrerpolicy=\"strict-origin-when-cross-origin\" allowfullscreen><\/iframe>\n\n\n\n<p class=\"has-gray-color has-text-color has-link-color has-small-font-size wp-elements-1 wp-block-paragraph\">El pianista Josu Oki\u00f1ena interpreta O\u00f1azez de Aita Donostia, uno de los compositores que figuran en MUSIKAZ.<\/p>\n<\/div>\n\n\n\n<div class=\"wp-block-column is-layout-flow wp-block-column-is-layout-flow\">\n<p class=\"wp-block-paragraph\">\u00danete a la BEO para ver dos cortometrajes documentales de EITB \u2014la radiodifusora p\u00fablica vasca\u2014 como parte de nuestra colaboradora, la Udako Besta del Centro Cultural Vasco de San Francisco. Juntos, estos filmes narran la historia de dos compositores vascos que utilizaron la m\u00fasica como veh\u00edculo para ense\u00f1ar, preservar y transmitir la historia de un pueblo. No se requieren conocimientos previos. Solo ven con curiosidad.<\/p>\n\n\n\n<p class=\"wp-block-paragraph\"><strong>Centro Cultural Vasco<\/strong><br>599 Avenida del Ferrocarril<br>San Francisco Sur, CA<\/p>\n\n\n\n<a title=\"A\u00f1adir al calendario\" class=\"addeventatc\" data-id=\"ypx3zc5f2zbq\" href=\"https:\/\/www.addevent.com\/event\/ypx3zc5f2zbq\" target=\"_blank\">A\u00f1adir al calendario<\/a>\n<script type=\"text\/javascript\" src=\"https:\/\/cdn.addevent.com\/libs\/atc\/1.6.1\/atc.min.js\" async defer><\/script>\n<\/div>\n<\/div>\n\n\n\n<hr class=\"wp-block-separator has-alpha-channel-opacity\"\/>\n\n\n\n<p class=\"wp-block-paragraph\"><strong>SOBRE LAS PEL\u00cdCULAS<\/strong><br><strong>MUSIKAZ: Ravel<\/strong><\/p>\n\n\n\n<p class=\"wp-block-paragraph\">Maurice Ravel es uno de los compositores m\u00e1s c\u00e9lebres en la historia de la m\u00fasica cl\u00e1sica. Lo que mucha gente no sabe es que era vasco: su madre era del Pa\u00eds Vasco, y esa herencia molde\u00f3 el ritmo, el color y el sentimiento de su m\u00fasica de maneras inconfundibles una vez que sabes qu\u00e9 buscar. Este documental explora esa conexi\u00f3n y lo que significa para nuestra comprensi\u00f3n tanto del compositor como de la cultura que llevaba consigo.<\/p>\n\n\n\n<p class=\"wp-block-paragraph\"><em>Producci\u00f3n de EITB \u00b7 en espa\u00f1ol y euskera con subt\u00edtulos en ingl\u00e9s<\/em><\/p>\n\n\n\n<p class=\"wp-block-paragraph\"><strong>MUSIKAZ: Aita Donostia<\/strong><\/p>\n\n\n\n<p class=\"wp-block-paragraph\">Mientras Ravel llevaba la identidad vasca a las salas de conciertos de todo el mundo, Aita Donostia estaba haciendo algo m\u00e1s silencioso y igualmente vital: viajar por el Pa\u00eds Vasco y recopilar canciones folcl\u00f3ricas tradicionales antes de que se perdieran en el tiempo. Su obra se erige como uno de los actos de preservaci\u00f3n cultural m\u00e1s importantes de la historia vasca. Este documental cuenta esa historia y al hombre detr\u00e1s de ella.<\/p>\n\n\n\n<p class=\"wp-block-paragraph\"><em>Producci\u00f3n de EITB \u00b7 en espa\u00f1ol y euskera con subt\u00edtulos en ingl\u00e9s<\/em><\/p>\n\n\n\n<p class=\"wp-block-paragraph\"><strong>Y LUEGO \u2014 26 DE SEPTIEMBRE<\/strong><\/p>\n\n\n\n<p class=\"wp-block-paragraph\">Estas dos pel\u00edculas son un preludio. El s\u00e1bado 26 de septiembre, el BEO presenta&nbsp;<strong>La Historia de la M\u00fasica Vasca: Un Retrato Vivo de una Tierra Antigua<\/strong>&nbsp;\u2014 un concierto de una sola noche al estilo documental en el Presidio Theater de San Francisco. El pianista Josu Oki\u00f1ena, el txistulari Garikoitz Mendizabal y la soprano Noelia Ib\u00e1\u00f1ez dan vida a la historia de la m\u00fasica vasca a trav\u00e9s de actuaciones en vivo, narraci\u00f3n y elementos visuales. Piensa en el 29 de agosto como la introducci\u00f3n. El 26 de septiembre es la imagen completa.<\/p>\n\n\n\n<p class=\"wp-block-paragraph\"><em>M\u00e1s informaci\u00f3n <a href=\"https:\/\/www.basqueeducational.org\/bcd26-the-history-of-basque\/\" target=\"_blank\" rel=\"noreferrer noopener\">aqu\u00ed<\/a>.<\/em><\/p>\n\n\n\n<hr class=\"wp-block-separator has-alpha-channel-opacity\"\/>\n\n\n\n\n\n<hr class=\"wp-block-separator has-alpha-channel-opacity\"\/>","protected":false},"excerpt":{"rendered":"<p>Mediante un viaje a trav\u00e9s de la vida del cineasta Benito Ansola y con la escritora Miren Agur Meabe a nuestro lado, recorreremos\u2026<\/p>","protected":false},"author":1,"featured_media":10156,"template":"","meta":{"give_campaign_id":0,"_tec_requires_first_save":false,"_exactmetrics_skip_tracking":false,"_price":"","_stock":"","_tribe_ticket_header":"","_tribe_default_ticket_provider":"TEC\\Tickets\\Commerce\\Module","_tribe_ticket_capacity":"0","_ticket_start_date":"","_ticket_end_date":"","_tribe_ticket_show_description":"","_tribe_ticket_show_not_going":false,"_tribe_ticket_use_global_stock":"","_tribe_ticket_global_stock_level":"","_global_stock_mode":"","_global_stock_cap":"","_tribe_rsvp_for_event":"","_tribe_ticket_going_count":"","_tribe_ticket_not_going_count":"","_tribe_tickets_list":"[]","_tribe_ticket_has_attendee_info_fields":false,"_EventAllDay":false,"_EventTimezone":"America\/Los_Angeles","_EventStartDate":"2026-08-29 13:30:00","_EventEndDate":"2026-08-29 15:00:00","_EventStartDateUTC":"2026-08-29 20:30:00","_EventEndDateUTC":"2026-08-29 22:00:00","_EventShowMap":false,"_EventShowMapLink":false,"_EventURL":"","_EventCost":"Free","_EventCostDescription":"","_EventCurrencySymbol":"$","_EventCurrencyCode":"USD","_EventCurrencyPosition":"prefix","_EventDateTimeSeparator":" @ ","_EventTimeRangeSeparator":" - ","_EventOrganizerID":[],"_EventVenueID":[],"_OrganizerEmail":"","_OrganizerPhone":"","_OrganizerWebsite":"","_VenueAddress":"","_VenueCity":"","_VenueCountry":"","_VenueProvince":"","_VenueState":"","_VenueZip":"","_VenuePhone":"","_VenueURL":"","_VenueStateProvince":"","_VenueLat":"","_VenueLng":"","_VenueShowMap":false,"_VenueShowMapLink":false,"_tribe_blocks_recurrence_rules":"","_tribe_blocks_recurrence_description":"","_tribe_blocks_recurrence_exclusions":"","_tribe_events_status":"","_tribe_events_status_reason":"","_tribe_events_is_hybrid":"","_tribe_events_is_virtual":"","_tribe_events_virtual_video_source":"","_tribe_events_virtual_embed_video":"","_tribe_events_virtual_linked_button_text":"","_tribe_events_virtual_linked_button":"","_tribe_events_virtual_show_embed_at":"","_tribe_events_virtual_show_embed_to":[],"_tribe_events_virtual_show_on_event":"","_tribe_events_virtual_show_on_views":"","_tribe_events_virtual_url":"","footnotes":"","_tec_slr_enabled":"","_tec_slr_layout":""},"tags":[],"tribe_events_cat":[94,39],"class_list":["post-9230","tribe_events","type-tribe_events","status-publish","has-post-thumbnail","hentry","tribe_events_cat-2026-basque-film-series","tribe_events_cat-beo-sponsored-event","cat_2026-basque-film-series","cat_beo-sponsored-event"],"ticketed":["rsvp"],"_links":{"self":[{"href":"https:\/\/www.basqueeducational.org\/es\/wp-json\/wp\/v2\/tribe_events\/9230","targetHints":{"allow":["GET"]}}],"collection":[{"href":"https:\/\/www.basqueeducational.org\/es\/wp-json\/wp\/v2\/tribe_events"}],"about":[{"href":"https:\/\/www.basqueeducational.org\/es\/wp-json\/wp\/v2\/types\/tribe_events"}],"author":[{"embeddable":true,"href":"https:\/\/www.basqueeducational.org\/es\/wp-json\/wp\/v2\/users\/1"}],"version-history":[{"count":2,"href":"https:\/\/www.basqueeducational.org\/es\/wp-json\/wp\/v2\/tribe_events\/9230\/revisions"}],"predecessor-version":[{"id":10113,"href":"https:\/\/www.basqueeducational.org\/es\/wp-json\/wp\/v2\/tribe_events\/9230\/revisions\/10113"}],"wp:featuredmedia":[{"embeddable":true,"href":"https:\/\/www.basqueeducational.org\/es\/wp-json\/wp\/v2\/media\/10156"}],"wp:attachment":[{"href":"https:\/\/www.basqueeducational.org\/es\/wp-json\/wp\/v2\/media?parent=9230"}],"wp:term":[{"taxonomy":"post_tag","embeddable":true,"href":"https:\/\/www.basqueeducational.org\/es\/wp-json\/wp\/v2\/tags?post=9230"},{"taxonomy":"tribe_events_cat","embeddable":true,"href":"https:\/\/www.basqueeducational.org\/es\/wp-json\/wp\/v2\/tribe_events_cat?post=9230"}],"curies":[{"name":"wp","href":"https:\/\/api.w.org\/{rel}","templated":true}]}}

<div  class="tribe-events-schedule tribe-clearfix" >
	<p class="tribe-events-schedule__datetime">
		<span class="tribe-events-schedule__date tribe-events-schedule__date--start">
			29 agosto		</span>

					<span class="tribe-events-schedule__separator tribe-events-schedule__separator--date">
				 @ 			</span>
			<span class="tribe-events-schedule__time tribe-events-schedule__time--start">
				13.30 h			</span>
		
									<span class="tribe-events-schedule__separator tribe-events-schedule__separator--time">
					 - 				</span>
			
							<span class="tribe-events-schedule__time tribe-events-schedule__time--end">
					15.00 h				</span>
			
							<span class="tribe-events-schedule__timezone">PDT</span>
						</p>
</div>


<div  class="tribe-block tribe-block__event-price" >
			<span class="tribe-block__event-price__cost"> Gratis </span>
		</div>



<div class="wp-block-columns is-layout-flex wp-container-core-columns-is-layout-7387b849 wp-block-columns-is-layout-flex">
<div class="wp-block-column is-layout-flow wp-block-column-is-layout-flow">
<iframe loading="lazy" width="560" height="315" src="https://www.youtube.com/embed/Ej6HJ1Um6aY?si=ZgvmqTWCwHrBv1YU" title="Reproductor de vídeo YouTube" frameborder="0" allow="accelerometer; autoplay; clipboard-write; encrypted-media; gyroscope; picture-in-picture; web-share" referrerpolicy="strict-origin-when-cross-origin" allowfullscreen></iframe>



<p class="has-gray-color has-text-color has-link-color has-small-font-size wp-elements-1 wp-block-paragraph">El pianista Josu Okiñena interpreta Oñazez de Aita Donostia, uno de los compositores que figuran en MUSIKAZ.</p>
</div>



<div class="wp-block-column is-layout-flow wp-block-column-is-layout-flow">
<p class="wp-block-paragraph">Únete a la BEO para ver dos cortometrajes documentales de EITB —la radiodifusora pública vasca— como parte de nuestra colaboradora, la Udako Besta del Centro Cultural Vasco de San Francisco. Juntos, estos filmes narran la historia de dos compositores vascos que utilizaron la música como vehículo para enseñar, preservar y transmitir la historia de un pueblo. No se requieren conocimientos previos. Solo ven con curiosidad.</p>



<p class="wp-block-paragraph"><strong>Centro Cultural Vasco</strong><br>599 Avenida del Ferrocarril<br>San Francisco Sur, CA</p>



<a title="Añadir al calendario" class="addeventatc" data-id="ypx3zc5f2zbq" href="https://www.addevent.com/event/ypx3zc5f2zbq" target="_blank">Añadir al calendario</a>
<script type="text/javascript" src="https://cdn.addevent.com/libs/atc/1.6.1/atc.min.js" async defer></script>
</div>
</div>



<hr class="wp-block-separator has-alpha-channel-opacity"/>



<p class="wp-block-paragraph"><strong>SOBRE LAS PELÍCULAS</strong><br><strong>MUSIKAZ: Ravel</strong></p>



<p class="wp-block-paragraph">Maurice Ravel es uno de los compositores más célebres en la historia de la música clásica. Lo que mucha gente no sabe es que era vasco: su madre era del País Vasco, y esa herencia moldeó el ritmo, el color y el sentimiento de su música de maneras inconfundibles una vez que sabes qué buscar. Este documental explora esa conexión y lo que significa para nuestra comprensión tanto del compositor como de la cultura que llevaba consigo.</p>



<p class="wp-block-paragraph"><em>Producción de EITB · en español y euskera con subtítulos en inglés</em></p>



<p class="wp-block-paragraph"><strong>MUSIKAZ: Aita Donostia</strong></p>



<p class="wp-block-paragraph">Mientras Ravel llevaba la identidad vasca a las salas de conciertos de todo el mundo, Aita Donostia estaba haciendo algo más silencioso y igualmente vital: viajar por el País Vasco y recopilar canciones folclóricas tradicionales antes de que se perdieran en el tiempo. Su obra se erige como uno de los actos de preservación cultural más importantes de la historia vasca. Este documental cuenta esa historia y al hombre detrás de ella.</p>



<p class="wp-block-paragraph"><em>Producción de EITB · en español y euskera con subtítulos en inglés</em></p>



<p class="wp-block-paragraph"><strong>Y LUEGO — 26 DE SEPTIEMBRE</strong></p>



<p class="wp-block-paragraph">Estas dos películas son un preludio. El sábado 26 de septiembre, el BEO presenta&nbsp;<strong>La Historia de la Música Vasca: Un Retrato Vivo de una Tierra Antigua</strong>&nbsp;— un concierto de una sola noche al estilo documental en el Presidio Theater de San Francisco. El pianista Josu Okiñena, el txistulari Garikoitz Mendizabal y la soprano Noelia Ibáñez dan vida a la historia de la música vasca a través de actuaciones en vivo, narración y elementos visuales. Piensa en el 29 de agosto como la introducción. El 26 de septiembre es la imagen completa.</p>



<p class="wp-block-paragraph"><em>Más información <a href="https://www.basqueeducational.org/bcd26-the-history-of-basque/" target="_blank" rel="noreferrer noopener">aquí</a>.</em></p>



<hr class="wp-block-separator has-alpha-channel-opacity"/>





<hr class="wp-block-separator has-alpha-channel-opacity"/>

<p>Mediante un viaje a través de la vida del cineasta Benito Ansola y con la escritora Miren Agur Meabe a nuestro lado, recorreremos…</p>
