{"id":9230,"date":"2026-02-27T19:46:33","date_gmt":"2026-02-28T03:46:33","guid":{"rendered":"https:\/\/www.basqueeducational.org\/?post_type=tribe_events&#038;p=9230"},"modified":"2026-08-27T09:21:39","modified_gmt":"2026-08-27T16:21:39","slug":"musikaz","status":"publish","type":"tribe_events","link":"https:\/\/www.basqueeducational.org\/eus\/event\/musikaz\/","title":{"rendered":"BFS: BI LABUR (MUSIKA \u2014 RAVEL + AITA DONOSTIA)"},"content":{"rendered":"<div  class=\"tribe-events-schedule tribe-clearfix\" >\n\t<p class=\"tribe-events-schedule__datetime\">\n\t\t<span class=\"tribe-events-schedule__date tribe-events-schedule__date--start\">\n\t\t\tabuztua 29\t\t<\/span>\n\n\t\t\t\t\t<span class=\"tribe-events-schedule__separator tribe-events-schedule__separator--date\">\n\t\t\t\t @ \t\t\t<\/span>\n\t\t\t<span class=\"tribe-events-schedule__time tribe-events-schedule__time--start\">\n\t\t\t\t13:30ean\t\t\t<\/span>\n\t\t\n\t\t\t\t\t\t\t\t\t<span class=\"tribe-events-schedule__separator tribe-events-schedule__separator--time\">\n\t\t\t\t\t \u2013 \t\t\t\t<\/span>\n\t\t\t\n\t\t\t\t\t\t\t<span class=\"tribe-events-schedule__time tribe-events-schedule__time--end\">\n\t\t\t\t\t15:00etan\t\t\t\t<\/span>\n\t\t\t\n\t\t\t\t\t\t\t<span class=\"tribe-events-schedule__timezone\">PDT<\/span>\n\t\t\t\t\t\t<\/p>\n<\/div>\n\n\n<div  class=\"tribe-block tribe-block__event-price\" >\n\t\t\t<span class=\"tribe-block__event-price__cost\"> Doan <\/span>\n\t\t<\/div>\n\n\n\n<div class=\"wp-block-columns is-layout-flex wp-container-core-columns-is-layout-7387b849 wp-block-columns-is-layout-flex\">\n<div class=\"wp-block-column is-layout-flow wp-block-column-is-layout-flow\">\n<iframe loading=\"lazy\" width=\"560\" height=\"315\" src=\"https:\/\/www.youtube.com\/embed\/Ej6HJ1Um6aY?si=ZgvmqTWCwHrBv1YU\" title=\"YouTube bideo erreproduzitzailea\" frameborder=\"0\" allow=\"accelerometer; autoplay; clipboard-write; encrypted-media; gyroscope; picture-in-picture; web-share\" referrerpolicy=\"strict-origin-when-cross-origin\" allowfullscreen><\/iframe>\n\n\n\n<p class=\"has-gray-color has-text-color has-link-color has-small-font-size wp-elements-1 wp-block-paragraph\">Piano-jotzaile Josu Oki\u00f1enak Aita Donostiaren O\u00f1azez interpretatzen du \u2014 MUSIKAZen agertzen diren konpositoreetako bat.<\/p>\n<\/div>\n\n\n\n<div class=\"wp-block-column is-layout-flow wp-block-column-is-layout-flow\">\n<p class=\"wp-block-paragraph\">EITBren \u2014Euskal Irrati eta Telebistaren\u2014 bi dokumental laburrekin BEOra batu zaitez, gure bazkide den San Frantzisko Basque Kultur Zentroaren Udako Jaialdiaren barruan. Elkarrekin, film hauek bi euskal konpositorek musika baliatu zuten herri baten historia irakasteko, gordetzeko eta transmititzeko istorioa kontatzen dute. Ez da aurre-ezagutzarik behar. Etorri jakin-minarekin.<\/p>\n\n\n\n<p class=\"wp-block-paragraph\"><strong>Euskal Kultur Etxea<\/strong><br>599 Trenbide Etorbidea<br>South San Frantzisko, CA<\/p>\n\n\n\n<a title=\"Gehitu egutegiari\" class=\"addeventatc\" data-id=\"ypx3zc5f2zbq\" href=\"https:\/\/www.addevent.com\/event\/ypx3zc5f2zbq\" target=\"_blank\">Gehitu egutegiari<\/a>\n<script type=\"text\/javascript\" src=\"https:\/\/cdn.addevent.com\/libs\/atc\/1.6.1\/atc.min.js\" async defer><\/script>\n<\/div>\n<\/div>\n\n\n\n<hr class=\"wp-block-separator has-alpha-channel-opacity\"\/>\n\n\n\n<p class=\"wp-block-paragraph\"><strong>Filmen inguruan<\/strong><br><strong>MUSIKAZ: Ravel<\/strong><\/p>\n\n\n\n<p class=\"wp-block-paragraph\">Maurice Ravel musika klasikoaren historian ospetsuenetako konpositoreetako bat da. Jende askok ez daki euskalduna zela \u2014 bere ama Euskal Herritik zetorren, eta ondare hark bere musikaren erritmoa, kolorea eta sentimendua modu nabarmenetan moldatu zituen, behin entzuteko moduan jartzen baduzu. Dokumental honek lotura hori aztertzen du eta konpositorea eta berarekin eramandako kultura nola ulertzen ditugun aldetik zer esan nahi duen aztertzen du.<\/p>\n\n\n\n<p class=\"wp-block-paragraph\"><em>EITB ekoizpena \u00b7 gaztelaniaz eta euskaraz, ingelesezko azpitituluekin<\/em><\/p>\n\n\n\n<p class=\"wp-block-paragraph\"><strong>MUSIKAZ: Aita Donostia<\/strong><\/p>\n\n\n\n<p class=\"wp-block-paragraph\">Ravelek euskal nortasuna mundu osoko kontzertu-aretoetara eraman zuen bitartean, Aita Donostia zerbait isilagoa baina berdin garrantzitsua egiten ari zen \u2014Euskal Herrian zehar bidaiatuz eta herri-kanta tradizionalak biltzen, denboraren poderioz galdu baino lehen. Bere lana euskal historiako kultura-gordetzearen ekintza garrantzitsuenetako bat da. Dokumental honek istorio hori eta haren atzean dagoen gizona kontatzen du.<\/p>\n\n\n\n<p class=\"wp-block-paragraph\"><em>EITB ekoizpena \u00b7 gaztelaniaz eta euskaraz, ingelesezko azpitituluekin<\/em><\/p>\n\n\n\n<p class=\"wp-block-paragraph\"><strong>ETA GERO \u2014 IRAILAK 26<\/strong><\/p>\n\n\n\n<p class=\"wp-block-paragraph\">Bi film hauek sarrera dira. Irailaren 26an, larunbatean, BEOk aurkezten du.&nbsp;<strong>Euskal musikaren historia: Lur zahar baten erretratu bizia<\/strong>&nbsp;\u2014 San Frantziskoko Presidio Antzokian gau bakarreko dokumental estiloko kontzertua. Pianista Josu Oki\u00f1ena, txistulari Garikoitz Mendizabal eta soprano Noelia Ib\u00e1\u00f1ezek euskal musikaren istorioa bizirik jartzen dute zuzeneko emanaldi, narrazio eta irudien bidez. Ugastiak 29a sarrera gisa pentsa. Irailaren 26a da irudi osoa.<\/p>\n\n\n\n<p class=\"wp-block-paragraph\"><em>Informazio gehiago <a href=\"https:\/\/www.basqueeducational.org\/bcd26-the-history-of-basque\/\" target=\"_blank\" rel=\"noreferrer noopener\">hemen<\/a>.<\/em><\/p>\n\n\n\n<hr class=\"wp-block-separator has-alpha-channel-opacity\"\/>\n\n\n\n\n\n<hr class=\"wp-block-separator has-alpha-channel-opacity\"\/>","protected":false},"excerpt":{"rendered":"<p>Zinemagile Benito Ansolaren bizitzaren bidaia baten bidez eta idazle Miren Agur Meabe gure ondoan dugula, bidaiatuko dugu\u2026<\/p>","protected":false},"author":1,"featured_media":10156,"template":"","meta":{"give_campaign_id":0,"_tec_requires_first_save":false,"_exactmetrics_skip_tracking":false,"_price":"","_stock":"","_tribe_ticket_header":"","_tribe_default_ticket_provider":"TEC\\Tickets\\Commerce\\Module","_tribe_ticket_capacity":"0","_ticket_start_date":"","_ticket_end_date":"","_tribe_ticket_show_description":"","_tribe_ticket_show_not_going":false,"_tribe_ticket_use_global_stock":"","_tribe_ticket_global_stock_level":"","_global_stock_mode":"","_global_stock_cap":"","_tribe_rsvp_for_event":"","_tribe_ticket_going_count":"","_tribe_ticket_not_going_count":"","_tribe_tickets_list":"[]","_tribe_ticket_has_attendee_info_fields":false,"_EventAllDay":false,"_EventTimezone":"America\/Los_Angeles","_EventStartDate":"2026-08-29 13:30:00","_EventEndDate":"2026-08-29 15:00:00","_EventStartDateUTC":"2026-08-29 20:30:00","_EventEndDateUTC":"2026-08-29 22:00:00","_EventShowMap":false,"_EventShowMapLink":false,"_EventURL":"","_EventCost":"Free","_EventCostDescription":"","_EventCurrencySymbol":"$","_EventCurrencyCode":"USD","_EventCurrencyPosition":"prefix","_EventDateTimeSeparator":" @ ","_EventTimeRangeSeparator":" - ","_EventOrganizerID":[],"_EventVenueID":[],"_OrganizerEmail":"","_OrganizerPhone":"","_OrganizerWebsite":"","_VenueAddress":"","_VenueCity":"","_VenueCountry":"","_VenueProvince":"","_VenueState":"","_VenueZip":"","_VenuePhone":"","_VenueURL":"","_VenueStateProvince":"","_VenueLat":"","_VenueLng":"","_VenueShowMap":false,"_VenueShowMapLink":false,"_tribe_blocks_recurrence_rules":"","_tribe_blocks_recurrence_description":"","_tribe_blocks_recurrence_exclusions":"","_tribe_events_status":"","_tribe_events_status_reason":"","_tribe_events_is_hybrid":"","_tribe_events_is_virtual":"","_tribe_events_virtual_video_source":"","_tribe_events_virtual_embed_video":"","_tribe_events_virtual_linked_button_text":"","_tribe_events_virtual_linked_button":"","_tribe_events_virtual_show_embed_at":"","_tribe_events_virtual_show_embed_to":[],"_tribe_events_virtual_show_on_event":"","_tribe_events_virtual_show_on_views":"","_tribe_events_virtual_url":"","footnotes":"","_tec_slr_enabled":"","_tec_slr_layout":""},"tags":[],"tribe_events_cat":[94,39],"class_list":["post-9230","tribe_events","type-tribe_events","status-publish","has-post-thumbnail","hentry","tribe_events_cat-2026-basque-film-series","tribe_events_cat-beo-sponsored-event","cat_2026-basque-film-series","cat_beo-sponsored-event"],"ticketed":["rsvp"],"_links":{"self":[{"href":"https:\/\/www.basqueeducational.org\/eus\/wp-json\/wp\/v2\/tribe_events\/9230","targetHints":{"allow":["GET"]}}],"collection":[{"href":"https:\/\/www.basqueeducational.org\/eus\/wp-json\/wp\/v2\/tribe_events"}],"about":[{"href":"https:\/\/www.basqueeducational.org\/eus\/wp-json\/wp\/v2\/types\/tribe_events"}],"author":[{"embeddable":true,"href":"https:\/\/www.basqueeducational.org\/eus\/wp-json\/wp\/v2\/users\/1"}],"version-history":[{"count":2,"href":"https:\/\/www.basqueeducational.org\/eus\/wp-json\/wp\/v2\/tribe_events\/9230\/revisions"}],"predecessor-version":[{"id":10113,"href":"https:\/\/www.basqueeducational.org\/eus\/wp-json\/wp\/v2\/tribe_events\/9230\/revisions\/10113"}],"wp:featuredmedia":[{"embeddable":true,"href":"https:\/\/www.basqueeducational.org\/eus\/wp-json\/wp\/v2\/media\/10156"}],"wp:attachment":[{"href":"https:\/\/www.basqueeducational.org\/eus\/wp-json\/wp\/v2\/media?parent=9230"}],"wp:term":[{"taxonomy":"post_tag","embeddable":true,"href":"https:\/\/www.basqueeducational.org\/eus\/wp-json\/wp\/v2\/tags?post=9230"},{"taxonomy":"tribe_events_cat","embeddable":true,"href":"https:\/\/www.basqueeducational.org\/eus\/wp-json\/wp\/v2\/tribe_events_cat?post=9230"}],"curies":[{"name":"wp","href":"https:\/\/api.w.org\/{rel}","templated":true}]}}

<div  class="tribe-events-schedule tribe-clearfix" >
	<p class="tribe-events-schedule__datetime">
		<span class="tribe-events-schedule__date tribe-events-schedule__date--start">
			abuztua 29		</span>

					<span class="tribe-events-schedule__separator tribe-events-schedule__separator--date">
				 @ 			</span>
			<span class="tribe-events-schedule__time tribe-events-schedule__time--start">
				13:30ean			</span>
		
									<span class="tribe-events-schedule__separator tribe-events-schedule__separator--time">
					 – 				</span>
			
							<span class="tribe-events-schedule__time tribe-events-schedule__time--end">
					15:00etan				</span>
			
							<span class="tribe-events-schedule__timezone">PDT</span>
						</p>
</div>


<div  class="tribe-block tribe-block__event-price" >
			<span class="tribe-block__event-price__cost"> Doan </span>
		</div>



<div class="wp-block-columns is-layout-flex wp-container-core-columns-is-layout-7387b849 wp-block-columns-is-layout-flex">
<div class="wp-block-column is-layout-flow wp-block-column-is-layout-flow">
<iframe loading="lazy" width="560" height="315" src="https://www.youtube.com/embed/Ej6HJ1Um6aY?si=ZgvmqTWCwHrBv1YU" title="YouTube bideo erreproduzitzailea" frameborder="0" allow="accelerometer; autoplay; clipboard-write; encrypted-media; gyroscope; picture-in-picture; web-share" referrerpolicy="strict-origin-when-cross-origin" allowfullscreen></iframe>



<p class="has-gray-color has-text-color has-link-color has-small-font-size wp-elements-1 wp-block-paragraph">Piano-jotzaile Josu Okiñenak Aita Donostiaren Oñazez interpretatzen du — MUSIKAZen agertzen diren konpositoreetako bat.</p>
</div>



<div class="wp-block-column is-layout-flow wp-block-column-is-layout-flow">
<p class="wp-block-paragraph">EITBren —Euskal Irrati eta Telebistaren— bi dokumental laburrekin BEOra batu zaitez, gure bazkide den San Frantzisko Basque Kultur Zentroaren Udako Jaialdiaren barruan. Elkarrekin, film hauek bi euskal konpositorek musika baliatu zuten herri baten historia irakasteko, gordetzeko eta transmititzeko istorioa kontatzen dute. Ez da aurre-ezagutzarik behar. Etorri jakin-minarekin.</p>



<p class="wp-block-paragraph"><strong>Euskal Kultur Etxea</strong><br>599 Trenbide Etorbidea<br>South San Frantzisko, CA</p>



<a title="Gehitu egutegiari" class="addeventatc" data-id="ypx3zc5f2zbq" href="https://www.addevent.com/event/ypx3zc5f2zbq" target="_blank">Gehitu egutegiari</a>
<script type="text/javascript" src="https://cdn.addevent.com/libs/atc/1.6.1/atc.min.js" async defer></script>
</div>
</div>



<hr class="wp-block-separator has-alpha-channel-opacity"/>



<p class="wp-block-paragraph"><strong>Filmen inguruan</strong><br><strong>MUSIKAZ: Ravel</strong></p>



<p class="wp-block-paragraph">Maurice Ravel musika klasikoaren historian ospetsuenetako konpositoreetako bat da. Jende askok ez daki euskalduna zela — bere ama Euskal Herritik zetorren, eta ondare hark bere musikaren erritmoa, kolorea eta sentimendua modu nabarmenetan moldatu zituen, behin entzuteko moduan jartzen baduzu. Dokumental honek lotura hori aztertzen du eta konpositorea eta berarekin eramandako kultura nola ulertzen ditugun aldetik zer esan nahi duen aztertzen du.</p>



<p class="wp-block-paragraph"><em>EITB ekoizpena · gaztelaniaz eta euskaraz, ingelesezko azpitituluekin</em></p>



<p class="wp-block-paragraph"><strong>MUSIKAZ: Aita Donostia</strong></p>



<p class="wp-block-paragraph">Ravelek euskal nortasuna mundu osoko kontzertu-aretoetara eraman zuen bitartean, Aita Donostia zerbait isilagoa baina berdin garrantzitsua egiten ari zen —Euskal Herrian zehar bidaiatuz eta herri-kanta tradizionalak biltzen, denboraren poderioz galdu baino lehen. Bere lana euskal historiako kultura-gordetzearen ekintza garrantzitsuenetako bat da. Dokumental honek istorio hori eta haren atzean dagoen gizona kontatzen du.</p>



<p class="wp-block-paragraph"><em>EITB ekoizpena · gaztelaniaz eta euskaraz, ingelesezko azpitituluekin</em></p>



<p class="wp-block-paragraph"><strong>ETA GERO — IRAILAK 26</strong></p>



<p class="wp-block-paragraph">Bi film hauek sarrera dira. Irailaren 26an, larunbatean, BEOk aurkezten du.&nbsp;<strong>Euskal musikaren historia: Lur zahar baten erretratu bizia</strong>&nbsp;— San Frantziskoko Presidio Antzokian gau bakarreko dokumental estiloko kontzertua. Pianista Josu Okiñena, txistulari Garikoitz Mendizabal eta soprano Noelia Ibáñezek euskal musikaren istorioa bizirik jartzen dute zuzeneko emanaldi, narrazio eta irudien bidez. Ugastiak 29a sarrera gisa pentsa. Irailaren 26a da irudi osoa.</p>



<p class="wp-block-paragraph"><em>Informazio gehiago <a href="https://www.basqueeducational.org/bcd26-the-history-of-basque/" target="_blank" rel="noreferrer noopener">hemen</a>.</em></p>



<hr class="wp-block-separator has-alpha-channel-opacity"/>





<hr class="wp-block-separator has-alpha-channel-opacity"/>
