{"id":7180,"date":"2024-07-10T17:28:35","date_gmt":"2024-07-10T17:28:35","guid":{"rendered":"https:\/\/www.basqueeducational.org\/?page_id=7180"},"modified":"2025-06-02T22:16:58","modified_gmt":"2025-06-02T22:16:58","slug":"beo-funds","status":"publish","type":"page","link":"https:\/\/www.basqueeducational.org\/fr\/beo-funds\/","title":{"rendered":"FONDS BEO"},"content":{"rendered":"<div class=\"wp-block-columns zeko-team is-layout-flex wp-container-core-columns-is-layout-9d6595d7 wp-block-columns-is-layout-flex\">\n<div class=\"wp-block-column is-layout-flow wp-block-column-is-layout-flow\">\n<figure class=\"wp-block-image size-full\"><img fetchpriority=\"high\" decoding=\"async\" width=\"900\" height=\"600\" src=\"https:\/\/www.basqueeducational.org\/wp-content\/uploads\/2024\/07\/scholarship-fund-1.png\" alt=\"\" class=\"wp-image-7205\" srcset=\"https:\/\/www.basqueeducational.org\/wp-content\/uploads\/2024\/07\/scholarship-fund-1.png 900w, https:\/\/www.basqueeducational.org\/wp-content\/uploads\/2024\/07\/scholarship-fund-1-300x200.png 300w, https:\/\/www.basqueeducational.org\/wp-content\/uploads\/2024\/07\/scholarship-fund-1-768x512.png 768w, https:\/\/www.basqueeducational.org\/wp-content\/uploads\/2024\/07\/scholarship-fund-1-18x12.png 18w, https:\/\/www.basqueeducational.org\/wp-content\/uploads\/2024\/07\/scholarship-fund-1-700x467.png 700w, https:\/\/www.basqueeducational.org\/wp-content\/uploads\/2024\/07\/scholarship-fund-1-348x232.png 348w, https:\/\/www.basqueeducational.org\/wp-content\/uploads\/2024\/07\/scholarship-fund-1-354x236.png 354w, https:\/\/www.basqueeducational.org\/wp-content\/uploads\/2024\/07\/scholarship-fund-1-600x400.png 600w\" sizes=\"(max-width: 900px) 100vw, 900px\" \/><\/figure>\n\n\n\n<hr class=\"wp-block-separator has-text-color has-strong-red-color has-css-opacity has-strong-red-background-color has-background is-style-wide\"\/>\n\n\n\n<h2 class=\"wp-block-heading\">LE FONDS DE BOURSES D'\u00c9TUDES<\/h2>\n\n\n\n<p>D'apr\u00e8s ce que nous savons, nos concours de bourses d'\u00e9tudes ne sont pas seulement int\u00e9ressants, ils sont aussi amusants ! Chaque ann\u00e9e, nous choisissons un th\u00e8me et demandons aux candidats de soumettre une \u0153uvre originale et cr\u00e9ative qui explore les id\u00e9es du th\u00e8me. Ici, le monde est \u00e0 la port\u00e9e des candidats. Les th\u00e8mes sont annonc\u00e9s au printemps et les candidatures doivent \u00eatre envoy\u00e9es au plus tard le <strong>31 juillet<\/strong>.<\/p>\n\n\n\n<div class=\"wp-block-buttons is-layout-flex wp-block-buttons-is-layout-flex\">\n<div class=\"wp-block-button has-custom-width wp-block-button__width-100\"><a class=\"wp-block-button__link has-white-color has-strong-red-background-color has-text-color has-background has-link-color has-small-font-size has-custom-font-size wp-element-button\" href=\"https:\/\/www.basqueeducational.org\/scholarship\/\" style=\"padding-top:var(--wp--preset--spacing--30);padding-bottom:var(--wp--preset--spacing--30)\" target=\"_blank\" rel=\"noreferrer noopener\">EN SAVOIR PLUS \/ FAIRE UN DON AUJOURD'HUI<\/a><\/div>\n<\/div>\n<\/div>\n\n\n\n<div class=\"wp-block-column is-layout-flow wp-block-column-is-layout-flow\">\n<figure class=\"wp-block-image size-full\"><img decoding=\"async\" width=\"900\" height=\"600\" src=\"https:\/\/www.basqueeducational.org\/wp-content\/uploads\/2024\/07\/womens-empowerment-fund-1.png\" alt=\"\" class=\"wp-image-7206\" srcset=\"https:\/\/www.basqueeducational.org\/wp-content\/uploads\/2024\/07\/womens-empowerment-fund-1.png 900w, https:\/\/www.basqueeducational.org\/wp-content\/uploads\/2024\/07\/womens-empowerment-fund-1-300x200.png 300w, https:\/\/www.basqueeducational.org\/wp-content\/uploads\/2024\/07\/womens-empowerment-fund-1-768x512.png 768w, https:\/\/www.basqueeducational.org\/wp-content\/uploads\/2024\/07\/womens-empowerment-fund-1-18x12.png 18w, https:\/\/www.basqueeducational.org\/wp-content\/uploads\/2024\/07\/womens-empowerment-fund-1-700x467.png 700w, https:\/\/www.basqueeducational.org\/wp-content\/uploads\/2024\/07\/womens-empowerment-fund-1-348x232.png 348w, https:\/\/www.basqueeducational.org\/wp-content\/uploads\/2024\/07\/womens-empowerment-fund-1-354x236.png 354w, https:\/\/www.basqueeducational.org\/wp-content\/uploads\/2024\/07\/womens-empowerment-fund-1-600x400.png 600w\" sizes=\"(max-width: 900px) 100vw, 900px\" \/><\/figure>\n\n\n\n<hr class=\"wp-block-separator has-text-color has-strong-red-color has-css-opacity has-strong-red-background-color has-background is-style-wide\"\/>\n\n\n\n<h2 class=\"wp-block-heading\">FONDS D'AUTONOMISATION DES FEMMES<\/h2>\n\n\n\n<p>C\u00e9l\u00e9brer et montrer notre reconnaissance et notre soutien aux femmes de nos communaut\u00e9s basques est tr\u00e8s important pour nous. Ce fonds est destin\u00e9 \u00e0 soutenir les femmes qui ont besoin d'une aide financi\u00e8re pour fa\u00e7onner nos communaut\u00e9s, promouvoir notre culture et renforcer notre identit\u00e9 basque.<\/p>\n\n\n\n<div class=\"wp-block-buttons is-content-justification-center is-layout-flex wp-container-core-buttons-is-layout-16018d1d wp-block-buttons-is-layout-flex\">\n<div class=\"wp-block-button has-custom-width wp-block-button__width-100 is-style-fill\"><a class=\"wp-block-button__link has-white-color has-strong-red-background-color has-text-color has-background has-link-color has-small-font-size has-custom-font-size wp-element-button\" href=\"https:\/\/www.basqueeducational.org\/womens-empowerment-fund\" style=\"border-radius:0px;padding-top:var(--wp--preset--spacing--30);padding-right:0;padding-bottom:var(--wp--preset--spacing--30);padding-left:0\" target=\"_blank\" rel=\"noreferrer noopener\">EN SAVOIR PLUS \/ FAIRE UN DON AUJOURD'HUI<\/a><\/div>\n<\/div>\n<\/div>\n<\/div>\n\n\n\n<div style=\"height:40px\" aria-hidden=\"true\" class=\"wp-block-spacer\"><\/div>\n\n\n\n<div class=\"wp-block-columns zeko-team is-layout-flex wp-container-core-columns-is-layout-9d6595d7 wp-block-columns-is-layout-flex\">\n<div class=\"wp-block-column is-layout-flow wp-block-column-is-layout-flow\">\n<figure class=\"wp-block-image size-full\"><img decoding=\"async\" width=\"900\" height=\"600\" src=\"https:\/\/www.basqueeducational.org\/wp-content\/uploads\/2024\/07\/creators-fund.png\" alt=\"\" class=\"wp-image-7204\" srcset=\"https:\/\/www.basqueeducational.org\/wp-content\/uploads\/2024\/07\/creators-fund.png 900w, https:\/\/www.basqueeducational.org\/wp-content\/uploads\/2024\/07\/creators-fund-300x200.png 300w, https:\/\/www.basqueeducational.org\/wp-content\/uploads\/2024\/07\/creators-fund-768x512.png 768w, https:\/\/www.basqueeducational.org\/wp-content\/uploads\/2024\/07\/creators-fund-18x12.png 18w, https:\/\/www.basqueeducational.org\/wp-content\/uploads\/2024\/07\/creators-fund-700x467.png 700w, https:\/\/www.basqueeducational.org\/wp-content\/uploads\/2024\/07\/creators-fund-348x232.png 348w, https:\/\/www.basqueeducational.org\/wp-content\/uploads\/2024\/07\/creators-fund-354x236.png 354w, https:\/\/www.basqueeducational.org\/wp-content\/uploads\/2024\/07\/creators-fund-600x400.png 600w\" sizes=\"(max-width: 900px) 100vw, 900px\" \/><\/figure>\n\n\n\n<hr class=\"wp-block-separator has-text-color has-strong-red-color has-css-opacity has-strong-red-background-color has-background is-style-wide\"\/>\n\n\n\n<h2 class=\"wp-block-heading\">LE FONDS DU CR\u00c9ATEUR<\/h2>\n\n\n\n<p>\u00ab Les histoires sont la monnaie commune de l'humanit\u00e9. -Tahir Shah, dans <em>Arabian Nights<\/em>. Il n'y a pas de mots plus justes... et c'est la raison pour laquelle nous sommes si profond\u00e9ment attach\u00e9s aux \u00e2mes cr\u00e9atives de notre grande communaut\u00e9. Ce fonds est destin\u00e9 \u00e0 l'artiste engag\u00e9 dans un projet qui raconte une histoire de la culture basque. <br><\/p>\n\n\n\n<div class=\"wp-block-buttons is-layout-flex wp-block-buttons-is-layout-flex\">\n<div class=\"wp-block-button has-custom-width wp-block-button__width-100\"><a class=\"wp-block-button__link has-white-color has-strong-red-background-color has-text-color has-background has-link-color has-small-font-size has-custom-font-size wp-element-button\" href=\"https:\/\/www.basqueeducational.org\/creators-grant\/\" style=\"padding-top:var(--wp--preset--spacing--30);padding-bottom:var(--wp--preset--spacing--30)\" target=\"_blank\" rel=\"noreferrer noopener\">EN SAVOIR PLUS \/ FAIRE UN DON AUJOURD'HUI<\/a><\/div>\n<\/div>\n<\/div>\n\n\n\n<div class=\"wp-block-column is-layout-flow wp-block-column-is-layout-flow\">\n<figure class=\"wp-block-image size-full\"><img loading=\"lazy\" decoding=\"async\" width=\"900\" height=\"600\" src=\"https:\/\/www.basqueeducational.org\/wp-content\/uploads\/2024\/07\/general-fund.png\" alt=\"\" class=\"wp-image-7207\" srcset=\"https:\/\/www.basqueeducational.org\/wp-content\/uploads\/2024\/07\/general-fund.png 900w, https:\/\/www.basqueeducational.org\/wp-content\/uploads\/2024\/07\/general-fund-300x200.png 300w, https:\/\/www.basqueeducational.org\/wp-content\/uploads\/2024\/07\/general-fund-768x512.png 768w, https:\/\/www.basqueeducational.org\/wp-content\/uploads\/2024\/07\/general-fund-18x12.png 18w, https:\/\/www.basqueeducational.org\/wp-content\/uploads\/2024\/07\/general-fund-700x467.png 700w, https:\/\/www.basqueeducational.org\/wp-content\/uploads\/2024\/07\/general-fund-348x232.png 348w, https:\/\/www.basqueeducational.org\/wp-content\/uploads\/2024\/07\/general-fund-354x236.png 354w, https:\/\/www.basqueeducational.org\/wp-content\/uploads\/2024\/07\/general-fund-600x400.png 600w\" sizes=\"(max-width: 900px) 100vw, 900px\" \/><\/figure>\n\n\n\n<hr class=\"wp-block-separator has-text-color has-strong-red-color has-css-opacity has-strong-red-background-color has-background is-style-wide\"\/>\n\n\n\n<h2 class=\"wp-block-heading\">THE GENERAL FUND<\/h2>\n\n\n\n<p>Il est juste de dire que nous sommes un groupe \u00e9nergique, passionn\u00e9 et ouvert d'esprit qui se concentre sur notre mission. Ce fonds nous aide \u00e0 maintenir et \u00e0 am\u00e9liorer nos programmes actuels. <br><br>Votre don nous permet de r\u00eaver et d'agir sur la programmation future. <\/p>\n\n\n\n<div class=\"wp-block-buttons is-content-justification-center is-layout-flex wp-container-core-buttons-is-layout-16018d1d wp-block-buttons-is-layout-flex\">\n<div class=\"wp-block-button has-custom-width wp-block-button__width-100 is-style-fill\"><a class=\"wp-block-button__link has-white-color has-strong-red-background-color has-text-color has-background has-link-color has-small-font-size has-custom-font-size wp-element-button\" href=\"https:\/\/www.basqueeducational.org\/donations\/the-laguna-friend\/\" style=\"border-radius:0px;padding-top:var(--wp--preset--spacing--30);padding-right:0;padding-bottom:var(--wp--preset--spacing--30);padding-left:0\">FAIRE UN DON AUJOURD'HUI<\/a><\/div>\n<\/div>\n<\/div>\n<\/div>\n\n\n\n<p><\/p>","protected":false},"excerpt":{"rendered":"<p>THE SCHOLARSHIP FUND From what we understand, our scholarship contests aren&#8217;t only interesting\u2014they&#8217;re fun! Every year, we select a theme and ask applicants to submit an original, creative piece that [&hellip;]<\/p>\n","protected":false},"author":1,"featured_media":0,"parent":0,"menu_order":0,"comment_status":"closed","ping_status":"closed","template":"templates\/full-width-page.php","meta":{"give_campaign_id":0,"_tec_requires_first_save":true,"_exactmetrics_skip_tracking":false,"_exactmetrics_sitenote_active":false,"_exactmetrics_sitenote_note":"","_exactmetrics_sitenote_category":0,"_price":"","_stock":"","_tribe_ticket_header":"","_tribe_default_ticket_provider":"","_tribe_ticket_capacity":"0","_ticket_start_date":"","_ticket_end_date":"","_tribe_ticket_show_description":"","_tribe_ticket_show_not_going":false,"_tribe_ticket_use_global_stock":"","_tribe_ticket_global_stock_level":"","_global_stock_mode":"","_global_stock_cap":"","_tribe_rsvp_for_event":"","_tribe_ticket_going_count":"","_tribe_ticket_not_going_count":"","_tribe_tickets_list":"[]","_tribe_ticket_has_attendee_info_fields":false,"_EventAllDay":false,"_EventTimezone":"","_EventStartDate":"","_EventEndDate":"","_EventStartDateUTC":"","_EventEndDateUTC":"","_EventShowMap":false,"_EventShowMapLink":false,"_EventURL":"","_EventCost":"","_EventCostDescription":"","_EventCurrencySymbol":"","_EventCurrencyCode":"","_EventCurrencyPosition":"","_EventDateTimeSeparator":"","_EventTimeRangeSeparator":"","_EventOrganizerID":[],"_EventVenueID":[],"_OrganizerEmail":"","_OrganizerPhone":"","_OrganizerWebsite":"","_VenueAddress":"","_VenueCity":"","_VenueCountry":"","_VenueProvince":"","_VenueState":"","_VenueZip":"","_VenuePhone":"","_VenueURL":"","_VenueStateProvince":"","_VenueLat":"","_VenueLng":"","_VenueShowMap":false,"_VenueShowMapLink":false,"_tribe_blocks_recurrence_rules":"","_tribe_blocks_recurrence_description":"","_tribe_blocks_recurrence_exclusions":"","jetpack_post_was_ever_published":false,"footnotes":""},"class_list":["post-7180","page","type-page","status-publish","hentry"],"campaignId":"","jetpack_sharing_enabled":true,"jetpack_shortlink":"https:\/\/wp.me\/PaFejT-1RO","_links":{"self":[{"href":"https:\/\/www.basqueeducational.org\/fr\/wp-json\/wp\/v2\/pages\/7180","targetHints":{"allow":["GET"]}}],"collection":[{"href":"https:\/\/www.basqueeducational.org\/fr\/wp-json\/wp\/v2\/pages"}],"about":[{"href":"https:\/\/www.basqueeducational.org\/fr\/wp-json\/wp\/v2\/types\/page"}],"author":[{"embeddable":true,"href":"https:\/\/www.basqueeducational.org\/fr\/wp-json\/wp\/v2\/users\/1"}],"replies":[{"embeddable":true,"href":"https:\/\/www.basqueeducational.org\/fr\/wp-json\/wp\/v2\/comments?post=7180"}],"version-history":[{"count":4,"href":"https:\/\/www.basqueeducational.org\/fr\/wp-json\/wp\/v2\/pages\/7180\/revisions"}],"predecessor-version":[{"id":8419,"href":"https:\/\/www.basqueeducational.org\/fr\/wp-json\/wp\/v2\/pages\/7180\/revisions\/8419"}],"wp:attachment":[{"href":"https:\/\/www.basqueeducational.org\/fr\/wp-json\/wp\/v2\/media?parent=7180"}],"curies":[{"name":"wp","href":"https:\/\/api.w.org\/{rel}","templated":true}]}}

<div class="wp-block-columns zeko-team is-layout-flex wp-container-core-columns-is-layout-9d6595d7 wp-block-columns-is-layout-flex">
<div class="wp-block-column is-layout-flow wp-block-column-is-layout-flow">
<figure class="wp-block-image size-full"><img fetchpriority="high" decoding="async" width="900" height="600" src="https://www.basqueeducational.org/wp-content/uploads/2024/07/scholarship-fund-1.png" alt="" class="wp-image-7205" srcset="https://www.basqueeducational.org/wp-content/uploads/2024/07/scholarship-fund-1.png 900w, https://www.basqueeducational.org/wp-content/uploads/2024/07/scholarship-fund-1-300x200.png 300w, https://www.basqueeducational.org/wp-content/uploads/2024/07/scholarship-fund-1-768x512.png 768w, https://www.basqueeducational.org/wp-content/uploads/2024/07/scholarship-fund-1-18x12.png 18w, https://www.basqueeducational.org/wp-content/uploads/2024/07/scholarship-fund-1-700x467.png 700w, https://www.basqueeducational.org/wp-content/uploads/2024/07/scholarship-fund-1-348x232.png 348w, https://www.basqueeducational.org/wp-content/uploads/2024/07/scholarship-fund-1-354x236.png 354w, https://www.basqueeducational.org/wp-content/uploads/2024/07/scholarship-fund-1-600x400.png 600w" sizes="(max-width: 900px) 100vw, 900px" /></figure>



<hr class="wp-block-separator has-text-color has-strong-red-color has-css-opacity has-strong-red-background-color has-background is-style-wide"/>



<h2 class="wp-block-heading">LE FONDS DE BOURSES D'ÉTUDES</h2>



<p>D'après ce que nous savons, nos concours de bourses d'études ne sont pas seulement intéressants, ils sont aussi amusants ! Chaque année, nous choisissons un thème et demandons aux candidats de soumettre une œuvre originale et créative qui explore les idées du thème. Ici, le monde est à la portée des candidats. Les thèmes sont annoncés au printemps et les candidatures doivent être envoyées au plus tard le <strong>31 juillet</strong>.</p>



<div class="wp-block-buttons is-layout-flex wp-block-buttons-is-layout-flex">
<div class="wp-block-button has-custom-width wp-block-button__width-100"><a class="wp-block-button__link has-white-color has-strong-red-background-color has-text-color has-background has-link-color has-small-font-size has-custom-font-size wp-element-button" href="https://www.basqueeducational.org/scholarship/" style="padding-top:var(--wp--preset--spacing--30);padding-bottom:var(--wp--preset--spacing--30)" target="_blank" rel="noreferrer noopener">EN SAVOIR PLUS / FAIRE UN DON AUJOURD'HUI</a></div>
</div>
</div>



<div class="wp-block-column is-layout-flow wp-block-column-is-layout-flow">
<figure class="wp-block-image size-full"><img decoding="async" width="900" height="600" src="https://www.basqueeducational.org/wp-content/uploads/2024/07/womens-empowerment-fund-1.png" alt="" class="wp-image-7206" srcset="https://www.basqueeducational.org/wp-content/uploads/2024/07/womens-empowerment-fund-1.png 900w, https://www.basqueeducational.org/wp-content/uploads/2024/07/womens-empowerment-fund-1-300x200.png 300w, https://www.basqueeducational.org/wp-content/uploads/2024/07/womens-empowerment-fund-1-768x512.png 768w, https://www.basqueeducational.org/wp-content/uploads/2024/07/womens-empowerment-fund-1-18x12.png 18w, https://www.basqueeducational.org/wp-content/uploads/2024/07/womens-empowerment-fund-1-700x467.png 700w, https://www.basqueeducational.org/wp-content/uploads/2024/07/womens-empowerment-fund-1-348x232.png 348w, https://www.basqueeducational.org/wp-content/uploads/2024/07/womens-empowerment-fund-1-354x236.png 354w, https://www.basqueeducational.org/wp-content/uploads/2024/07/womens-empowerment-fund-1-600x400.png 600w" sizes="(max-width: 900px) 100vw, 900px" /></figure>



<hr class="wp-block-separator has-text-color has-strong-red-color has-css-opacity has-strong-red-background-color has-background is-style-wide"/>



<h2 class="wp-block-heading">FONDS D'AUTONOMISATION DES FEMMES</h2>



<p>Célébrer et montrer notre reconnaissance et notre soutien aux femmes de nos communautés basques est très important pour nous. Ce fonds est destiné à soutenir les femmes qui ont besoin d'une aide financière pour façonner nos communautés, promouvoir notre culture et renforcer notre identité basque.</p>



<div class="wp-block-buttons is-content-justification-center is-layout-flex wp-container-core-buttons-is-layout-16018d1d wp-block-buttons-is-layout-flex">
<div class="wp-block-button has-custom-width wp-block-button__width-100 is-style-fill"><a class="wp-block-button__link has-white-color has-strong-red-background-color has-text-color has-background has-link-color has-small-font-size has-custom-font-size wp-element-button" href="https://www.basqueeducational.org/womens-empowerment-fund" style="border-radius:0px;padding-top:var(--wp--preset--spacing--30);padding-right:0;padding-bottom:var(--wp--preset--spacing--30);padding-left:0" target="_blank" rel="noreferrer noopener">EN SAVOIR PLUS / FAIRE UN DON AUJOURD'HUI</a></div>
</div>
</div>
</div>



<div style="height:40px" aria-hidden="true" class="wp-block-spacer"></div>



<div class="wp-block-columns zeko-team is-layout-flex wp-container-core-columns-is-layout-9d6595d7 wp-block-columns-is-layout-flex">
<div class="wp-block-column is-layout-flow wp-block-column-is-layout-flow">
<figure class="wp-block-image size-full"><img decoding="async" width="900" height="600" src="https://www.basqueeducational.org/wp-content/uploads/2024/07/creators-fund.png" alt="" class="wp-image-7204" srcset="https://www.basqueeducational.org/wp-content/uploads/2024/07/creators-fund.png 900w, https://www.basqueeducational.org/wp-content/uploads/2024/07/creators-fund-300x200.png 300w, https://www.basqueeducational.org/wp-content/uploads/2024/07/creators-fund-768x512.png 768w, https://www.basqueeducational.org/wp-content/uploads/2024/07/creators-fund-18x12.png 18w, https://www.basqueeducational.org/wp-content/uploads/2024/07/creators-fund-700x467.png 700w, https://www.basqueeducational.org/wp-content/uploads/2024/07/creators-fund-348x232.png 348w, https://www.basqueeducational.org/wp-content/uploads/2024/07/creators-fund-354x236.png 354w, https://www.basqueeducational.org/wp-content/uploads/2024/07/creators-fund-600x400.png 600w" sizes="(max-width: 900px) 100vw, 900px" /></figure>



<hr class="wp-block-separator has-text-color has-strong-red-color has-css-opacity has-strong-red-background-color has-background is-style-wide"/>



<h2 class="wp-block-heading">LE FONDS DU CRÉATEUR</h2>



<p>« Les histoires sont la monnaie commune de l'humanité. -Tahir Shah, dans <em>Arabian Nights</em>. Il n'y a pas de mots plus justes... et c'est la raison pour laquelle nous sommes si profondément attachés aux âmes créatives de notre grande communauté. Ce fonds est destiné à l'artiste engagé dans un projet qui raconte une histoire de la culture basque. <br></p>



<div class="wp-block-buttons is-layout-flex wp-block-buttons-is-layout-flex">
<div class="wp-block-button has-custom-width wp-block-button__width-100"><a class="wp-block-button__link has-white-color has-strong-red-background-color has-text-color has-background has-link-color has-small-font-size has-custom-font-size wp-element-button" href="https://www.basqueeducational.org/creators-grant/" style="padding-top:var(--wp--preset--spacing--30);padding-bottom:var(--wp--preset--spacing--30)" target="_blank" rel="noreferrer noopener">EN SAVOIR PLUS / FAIRE UN DON AUJOURD'HUI</a></div>
</div>
</div>



<div class="wp-block-column is-layout-flow wp-block-column-is-layout-flow">
<figure class="wp-block-image size-full"><img loading="lazy" decoding="async" width="900" height="600" src="https://www.basqueeducational.org/wp-content/uploads/2024/07/general-fund.png" alt="" class="wp-image-7207" srcset="https://www.basqueeducational.org/wp-content/uploads/2024/07/general-fund.png 900w, https://www.basqueeducational.org/wp-content/uploads/2024/07/general-fund-300x200.png 300w, https://www.basqueeducational.org/wp-content/uploads/2024/07/general-fund-768x512.png 768w, https://www.basqueeducational.org/wp-content/uploads/2024/07/general-fund-18x12.png 18w, https://www.basqueeducational.org/wp-content/uploads/2024/07/general-fund-700x467.png 700w, https://www.basqueeducational.org/wp-content/uploads/2024/07/general-fund-348x232.png 348w, https://www.basqueeducational.org/wp-content/uploads/2024/07/general-fund-354x236.png 354w, https://www.basqueeducational.org/wp-content/uploads/2024/07/general-fund-600x400.png 600w" sizes="(max-width: 900px) 100vw, 900px" /></figure>



<hr class="wp-block-separator has-text-color has-strong-red-color has-css-opacity has-strong-red-background-color has-background is-style-wide"/>



<h2 class="wp-block-heading">THE GENERAL FUND</h2>



<p>Il est juste de dire que nous sommes un groupe énergique, passionné et ouvert d'esprit qui se concentre sur notre mission. Ce fonds nous aide à maintenir et à améliorer nos programmes actuels. <br><br>Votre don nous permet de rêver et d'agir sur la programmation future. </p>



<div class="wp-block-buttons is-content-justification-center is-layout-flex wp-container-core-buttons-is-layout-16018d1d wp-block-buttons-is-layout-flex">
<div class="wp-block-button has-custom-width wp-block-button__width-100 is-style-fill"><a class="wp-block-button__link has-white-color has-strong-red-background-color has-text-color has-background has-link-color has-small-font-size has-custom-font-size wp-element-button" href="https://www.basqueeducational.org/donations/the-laguna-friend/" style="border-radius:0px;padding-top:var(--wp--preset--spacing--30);padding-right:0;padding-bottom:var(--wp--preset--spacing--30);padding-left:0">FAIRE UN DON AUJOURD'HUI</a></div>
</div>
</div>
</div>



<p></p>
