{"id":9230,"date":"2026-02-27T19:46:33","date_gmt":"2026-02-28T03:46:33","guid":{"rendered":"https:\/\/www.basqueeducational.org\/?post_type=tribe_events&#038;p=9230"},"modified":"2026-08-27T09:21:39","modified_gmt":"2026-08-27T16:21:39","slug":"musikaz","status":"publish","type":"tribe_events","link":"https:\/\/www.basqueeducational.org\/fr\/event\/musikaz\/","title":{"rendered":"BFS : DEUX COURTS (MUSIKAZ \u2014 RAVEL + AITA DONOSTIA)"},"content":{"rendered":"<div  class=\"tribe-events-schedule tribe-clearfix\" >\n\t<p class=\"tribe-events-schedule__datetime\">\n\t\t<span class=\"tribe-events-schedule__date tribe-events-schedule__date--start\">\n\t\t\t29 ao\u00fbt\t\t<\/span>\n\n\t\t\t\t\t<span class=\"tribe-events-schedule__separator tribe-events-schedule__separator--date\">\n\t\t\t\t @ \t\t\t<\/span>\n\t\t\t<span class=\"tribe-events-schedule__time tribe-events-schedule__time--start\">\n\t\t\t\t13 h 30\t\t\t<\/span>\n\t\t\n\t\t\t\t\t\t\t\t\t<span class=\"tribe-events-schedule__separator tribe-events-schedule__separator--time\">\n\t\t\t\t\t - \t\t\t\t<\/span>\n\t\t\t\n\t\t\t\t\t\t\t<span class=\"tribe-events-schedule__time tribe-events-schedule__time--end\">\n\t\t\t\t\t15:00 heures\t\t\t\t<\/span>\n\t\t\t\n\t\t\t\t\t\t\t<span class=\"tribe-events-schedule__timezone\">PDT<\/span>\n\t\t\t\t\t\t<\/p>\n<\/div>\n\n\n<div  class=\"tribe-block tribe-block__event-price\" >\n\t\t\t<span class=\"tribe-block__event-price__cost\"> Gratuit <\/span>\n\t\t<\/div>\n\n\n\n<div class=\"wp-block-columns is-layout-flex wp-container-core-columns-is-layout-7387b849 wp-block-columns-is-layout-flex\">\n<div class=\"wp-block-column is-layout-flow wp-block-column-is-layout-flow\">\n<iframe loading=\"lazy\" width=\"560\" height=\"315\" src=\"https:\/\/www.youtube.com\/embed\/Ej6HJ1Um6aY?si=ZgvmqTWCwHrBv1YU\" title=\"Lecteur vid\u00e9o YouTube\" frameborder=\"0\" allow=\"accelerometer; autoplay; clipboard-write; encrypted-media; gyroscope; picture-in-picture; web-share\" referrerpolicy=\"strict-origin-when-cross-origin\" allowfullscreen><\/iframe>\n\n\n\n<p class=\"has-gray-color has-text-color has-link-color has-small-font-size wp-elements-1 wp-block-paragraph\">Le pianiste Josu Oki\u00f1ena interpr\u00e8te O\u00f1azez d'Aita Donostia \u2014 l'un des compositeurs pr\u00e9sent\u00e9s dans MUSIKAZ.<\/p>\n<\/div>\n\n\n\n<div class=\"wp-block-column is-layout-flow wp-block-column-is-layout-flow\">\n<p class=\"wp-block-paragraph\">Rejoignez le BEO pour deux courts m\u00e9trages documentaires d'EITB \u2013 le r\u00e9seau de radiodiffusion public basque \u2013 dans le cadre de l'Udako Besta de notre partenaire, le centre culturel basque de San Francisco. Ensemble, ces films racontent l'histoire de deux compositeurs basques qui ont utilis\u00e9 la musique comme un moyen d'enseigner, de pr\u00e9server et de transmettre l'histoire d'un peuple. Aucune connaissance pr\u00e9alable n'est requise. Venez simplement curieux.<\/p>\n\n\n\n<p class=\"wp-block-paragraph\"><strong>Centre culturel basque<\/strong><br>599 Railroad Avenue<br>South San Francisco, CA<\/p>\n\n\n\n<a title=\"Ajouter au calendrier\" class=\"addeventatc\" data-id=\"ypx3zc5f2zbq\" href=\"https:\/\/www.addevent.com\/event\/ypx3zc5f2zbq\" target=\"_blank\">Ajouter au calendrier<\/a>\n<script type=\"text\/javascript\" src=\"https:\/\/cdn.addevent.com\/libs\/atc\/1.6.1\/atc.min.js\" async defer><\/script>\n<\/div>\n<\/div>\n\n\n\n<hr class=\"wp-block-separator has-alpha-channel-opacity\"\/>\n\n\n\n<p class=\"wp-block-paragraph\"><strong>\u00c0 PROPOS DES FILMS<\/strong><br><strong>MUSIKAZ : Ravel<\/strong><\/p>\n\n\n\n<p class=\"wp-block-paragraph\">Maurice Ravel est l'un des compositeurs les plus c\u00e9l\u00e8bres de l'histoire de la musique classique. Ce que beaucoup de gens ignorent, c'est qu'il \u00e9tait Basque \u2014 sa m\u00e8re \u00e9tait originaire du Pays Basque, et cet h\u00e9ritage a fa\u00e7onn\u00e9 le rythme, la couleur et le sentiment de sa musique d'une mani\u00e8re ind\u00e9niable une fois que l'on sait y pr\u00eater attention. Ce documentaire explore ce lien et ce qu'il implique dans notre compr\u00e9hension du compositeur et de la culture qu'il portait en lui.<\/p>\n\n\n\n<p class=\"wp-block-paragraph\"><em>Production EITB \u00b7 en espagnol et euskara avec sous-titres en anglais<\/em><\/p>\n\n\n\n<p class=\"wp-block-paragraph\"><strong>MUSIKAZ : Aita Donostia<\/strong><\/p>\n\n\n\n<p class=\"wp-block-paragraph\">Alors que Ravel emportait l'identit\u00e9 basque dans les salles de concert du monde entier, Aita Donostia faisait quelque chose de plus discret et d'aussi vital : parcourir le Pays basque et collecter des chants folkloriques traditionnels avant qu'ils ne disparaissent dans l'oubli. Son travail constitue l'un des actes de pr\u00e9servation culturelle les plus importants de l'histoire basque. Ce documentaire raconte cette histoire et l'homme qui se cache derri\u00e8re.<\/p>\n\n\n\n<p class=\"wp-block-paragraph\"><em>Production EITB \u00b7 en espagnol et euskara avec sous-titres en anglais<\/em><\/p>\n\n\n\n<p class=\"wp-block-paragraph\"><strong>ET PUIS \u2014 26 SEPTEMBRE<\/strong><\/p>\n\n\n\n<p class=\"wp-block-paragraph\">Ces deux films sont un pr\u00e9lude. Le samedi 26 septembre, le BEO pr\u00e9sente&nbsp;<strong>L'Histoire de la Musique Basque : Un Portrait Vivant d'une Terre Ancienne<\/strong>&nbsp;\u2014 un concert unique en son genre, fa\u00e7on documentaire, au Presidio Theater de San Francisco. Le pianiste Josu Oki\u00f1ena, le txistulari Garikoitz Mendizabal et la soprano Noelia Ib\u00e1\u00f1ez donnent vie \u00e0 l'histoire de la musique basque \u00e0 travers des performances en direct, des narrations et des visuels. Consid\u00e9rez le 29 ao\u00fbt comme une introduction. Le 26 septembre, c'est l'image compl\u00e8te.<\/p>\n\n\n\n<p class=\"wp-block-paragraph\"><em>Plus d'informations <a href=\"https:\/\/www.basqueeducational.org\/bcd26-the-history-of-basque\/\" target=\"_blank\" rel=\"noreferrer noopener\">ici<\/a>.<\/em><\/p>\n\n\n\n<hr class=\"wp-block-separator has-alpha-channel-opacity\"\/>\n\n\n\n\n\n<hr class=\"wp-block-separator has-alpha-channel-opacity\"\/>","protected":false},"excerpt":{"rendered":"<p>Au travers d'un voyage dans la vie du cin\u00e9aste Benito Ansola et avec l'\u00e9crivaine Miren Agur Meabe \u00e0 nos c\u00f4t\u00e9s, nous parcourrons\u2026<\/p>","protected":false},"author":1,"featured_media":10156,"template":"","meta":{"give_campaign_id":0,"_tec_requires_first_save":false,"_exactmetrics_skip_tracking":false,"_price":"","_stock":"","_tribe_ticket_header":"","_tribe_default_ticket_provider":"TEC\\Tickets\\Commerce\\Module","_tribe_ticket_capacity":"0","_ticket_start_date":"","_ticket_end_date":"","_tribe_ticket_show_description":"","_tribe_ticket_show_not_going":false,"_tribe_ticket_use_global_stock":"","_tribe_ticket_global_stock_level":"","_global_stock_mode":"","_global_stock_cap":"","_tribe_rsvp_for_event":"","_tribe_ticket_going_count":"","_tribe_ticket_not_going_count":"","_tribe_tickets_list":"[]","_tribe_ticket_has_attendee_info_fields":false,"_EventAllDay":false,"_EventTimezone":"America\/Los_Angeles","_EventStartDate":"2026-08-29 13:30:00","_EventEndDate":"2026-08-29 15:00:00","_EventStartDateUTC":"2026-08-29 20:30:00","_EventEndDateUTC":"2026-08-29 22:00:00","_EventShowMap":false,"_EventShowMapLink":false,"_EventURL":"","_EventCost":"Free","_EventCostDescription":"","_EventCurrencySymbol":"$","_EventCurrencyCode":"USD","_EventCurrencyPosition":"prefix","_EventDateTimeSeparator":" @ ","_EventTimeRangeSeparator":" - ","_EventOrganizerID":[],"_EventVenueID":[],"_OrganizerEmail":"","_OrganizerPhone":"","_OrganizerWebsite":"","_VenueAddress":"","_VenueCity":"","_VenueCountry":"","_VenueProvince":"","_VenueState":"","_VenueZip":"","_VenuePhone":"","_VenueURL":"","_VenueStateProvince":"","_VenueLat":"","_VenueLng":"","_VenueShowMap":false,"_VenueShowMapLink":false,"_tribe_blocks_recurrence_rules":"","_tribe_blocks_recurrence_description":"","_tribe_blocks_recurrence_exclusions":"","_tribe_events_status":"","_tribe_events_status_reason":"","_tribe_events_is_hybrid":"","_tribe_events_is_virtual":"","_tribe_events_virtual_video_source":"","_tribe_events_virtual_embed_video":"","_tribe_events_virtual_linked_button_text":"","_tribe_events_virtual_linked_button":"","_tribe_events_virtual_show_embed_at":"","_tribe_events_virtual_show_embed_to":[],"_tribe_events_virtual_show_on_event":"","_tribe_events_virtual_show_on_views":"","_tribe_events_virtual_url":"","footnotes":"","_tec_slr_enabled":"","_tec_slr_layout":""},"tags":[],"tribe_events_cat":[94,39],"class_list":["post-9230","tribe_events","type-tribe_events","status-publish","has-post-thumbnail","hentry","tribe_events_cat-2026-basque-film-series","tribe_events_cat-beo-sponsored-event","cat_2026-basque-film-series","cat_beo-sponsored-event"],"ticketed":["rsvp"],"_links":{"self":[{"href":"https:\/\/www.basqueeducational.org\/fr\/wp-json\/wp\/v2\/tribe_events\/9230","targetHints":{"allow":["GET"]}}],"collection":[{"href":"https:\/\/www.basqueeducational.org\/fr\/wp-json\/wp\/v2\/tribe_events"}],"about":[{"href":"https:\/\/www.basqueeducational.org\/fr\/wp-json\/wp\/v2\/types\/tribe_events"}],"author":[{"embeddable":true,"href":"https:\/\/www.basqueeducational.org\/fr\/wp-json\/wp\/v2\/users\/1"}],"version-history":[{"count":2,"href":"https:\/\/www.basqueeducational.org\/fr\/wp-json\/wp\/v2\/tribe_events\/9230\/revisions"}],"predecessor-version":[{"id":10113,"href":"https:\/\/www.basqueeducational.org\/fr\/wp-json\/wp\/v2\/tribe_events\/9230\/revisions\/10113"}],"wp:featuredmedia":[{"embeddable":true,"href":"https:\/\/www.basqueeducational.org\/fr\/wp-json\/wp\/v2\/media\/10156"}],"wp:attachment":[{"href":"https:\/\/www.basqueeducational.org\/fr\/wp-json\/wp\/v2\/media?parent=9230"}],"wp:term":[{"taxonomy":"post_tag","embeddable":true,"href":"https:\/\/www.basqueeducational.org\/fr\/wp-json\/wp\/v2\/tags?post=9230"},{"taxonomy":"tribe_events_cat","embeddable":true,"href":"https:\/\/www.basqueeducational.org\/fr\/wp-json\/wp\/v2\/tribe_events_cat?post=9230"}],"curies":[{"name":"wp","href":"https:\/\/api.w.org\/{rel}","templated":true}]}}

<div  class="tribe-events-schedule tribe-clearfix" >
	<p class="tribe-events-schedule__datetime">
		<span class="tribe-events-schedule__date tribe-events-schedule__date--start">
			29 août		</span>

					<span class="tribe-events-schedule__separator tribe-events-schedule__separator--date">
				 @ 			</span>
			<span class="tribe-events-schedule__time tribe-events-schedule__time--start">
				13 h 30			</span>
		
									<span class="tribe-events-schedule__separator tribe-events-schedule__separator--time">
					 - 				</span>
			
							<span class="tribe-events-schedule__time tribe-events-schedule__time--end">
					15:00 heures				</span>
			
							<span class="tribe-events-schedule__timezone">PDT</span>
						</p>
</div>


<div  class="tribe-block tribe-block__event-price" >
			<span class="tribe-block__event-price__cost"> Gratuit </span>
		</div>



<div class="wp-block-columns is-layout-flex wp-container-core-columns-is-layout-7387b849 wp-block-columns-is-layout-flex">
<div class="wp-block-column is-layout-flow wp-block-column-is-layout-flow">
<iframe loading="lazy" width="560" height="315" src="https://www.youtube.com/embed/Ej6HJ1Um6aY?si=ZgvmqTWCwHrBv1YU" title="Lecteur vidéo YouTube" frameborder="0" allow="accelerometer; autoplay; clipboard-write; encrypted-media; gyroscope; picture-in-picture; web-share" referrerpolicy="strict-origin-when-cross-origin" allowfullscreen></iframe>



<p class="has-gray-color has-text-color has-link-color has-small-font-size wp-elements-1 wp-block-paragraph">Le pianiste Josu Okiñena interprète Oñazez d'Aita Donostia — l'un des compositeurs présentés dans MUSIKAZ.</p>
</div>



<div class="wp-block-column is-layout-flow wp-block-column-is-layout-flow">
<p class="wp-block-paragraph">Rejoignez le BEO pour deux courts métrages documentaires d'EITB – le réseau de radiodiffusion public basque – dans le cadre de l'Udako Besta de notre partenaire, le centre culturel basque de San Francisco. Ensemble, ces films racontent l'histoire de deux compositeurs basques qui ont utilisé la musique comme un moyen d'enseigner, de préserver et de transmettre l'histoire d'un peuple. Aucune connaissance préalable n'est requise. Venez simplement curieux.</p>



<p class="wp-block-paragraph"><strong>Centre culturel basque</strong><br>599 Railroad Avenue<br>South San Francisco, CA</p>



<a title="Ajouter au calendrier" class="addeventatc" data-id="ypx3zc5f2zbq" href="https://www.addevent.com/event/ypx3zc5f2zbq" target="_blank">Ajouter au calendrier</a>
<script type="text/javascript" src="https://cdn.addevent.com/libs/atc/1.6.1/atc.min.js" async defer></script>
</div>
</div>



<hr class="wp-block-separator has-alpha-channel-opacity"/>



<p class="wp-block-paragraph"><strong>À PROPOS DES FILMS</strong><br><strong>MUSIKAZ : Ravel</strong></p>



<p class="wp-block-paragraph">Maurice Ravel est l'un des compositeurs les plus célèbres de l'histoire de la musique classique. Ce que beaucoup de gens ignorent, c'est qu'il était Basque — sa mère était originaire du Pays Basque, et cet héritage a façonné le rythme, la couleur et le sentiment de sa musique d'une manière indéniable une fois que l'on sait y prêter attention. Ce documentaire explore ce lien et ce qu'il implique dans notre compréhension du compositeur et de la culture qu'il portait en lui.</p>



<p class="wp-block-paragraph"><em>Production EITB · en espagnol et euskara avec sous-titres en anglais</em></p>



<p class="wp-block-paragraph"><strong>MUSIKAZ : Aita Donostia</strong></p>



<p class="wp-block-paragraph">Alors que Ravel emportait l'identité basque dans les salles de concert du monde entier, Aita Donostia faisait quelque chose de plus discret et d'aussi vital : parcourir le Pays basque et collecter des chants folkloriques traditionnels avant qu'ils ne disparaissent dans l'oubli. Son travail constitue l'un des actes de préservation culturelle les plus importants de l'histoire basque. Ce documentaire raconte cette histoire et l'homme qui se cache derrière.</p>



<p class="wp-block-paragraph"><em>Production EITB · en espagnol et euskara avec sous-titres en anglais</em></p>



<p class="wp-block-paragraph"><strong>ET PUIS — 26 SEPTEMBRE</strong></p>



<p class="wp-block-paragraph">Ces deux films sont un prélude. Le samedi 26 septembre, le BEO présente&nbsp;<strong>L'Histoire de la Musique Basque : Un Portrait Vivant d'une Terre Ancienne</strong>&nbsp;— un concert unique en son genre, façon documentaire, au Presidio Theater de San Francisco. Le pianiste Josu Okiñena, le txistulari Garikoitz Mendizabal et la soprano Noelia Ibáñez donnent vie à l'histoire de la musique basque à travers des performances en direct, des narrations et des visuels. Considérez le 29 août comme une introduction. Le 26 septembre, c'est l'image complète.</p>



<p class="wp-block-paragraph"><em>Plus d'informations <a href="https://www.basqueeducational.org/bcd26-the-history-of-basque/" target="_blank" rel="noreferrer noopener">ici</a>.</em></p>



<hr class="wp-block-separator has-alpha-channel-opacity"/>





<hr class="wp-block-separator has-alpha-channel-opacity"/>

<p>Au travers d'un voyage dans la vie du cinéaste Benito Ansola et avec l'écrivaine Miren Agur Meabe à nos côtés, nous parcourrons…</p>
